{"id":457,"date":"2025-09-17T22:28:49","date_gmt":"2025-09-17T20:28:49","guid":{"rendered":"https:\/\/rubi.com.py\/index.php\/producto\/smart-tv-tokyo-webos-85-frameless-4k-tws50-dolby-c-air-mouse\/"},"modified":"2026-04-21T20:39:18","modified_gmt":"2026-04-21T18:39:18","slug":"smart-tv-tokyo-webos-85-frameless-4k-tws50-dolby-c-air-mouse","status":"publish","type":"product","link":"https:\/\/rubi.com.py\/index.php\/producto\/smart-tv-tokyo-webos-85-frameless-4k-tws50-dolby-c-air-mouse\/","title":{"rendered":"SMART TV TOKYO WEBOS 85 FRAMELESS 4K TWS50 DOLBY C\/ AIR MOUSE"},"content":{"rendered":"<p>ENTRADAS * AV IN (RCA) x1. * RJ45 x1. * HDMI x3. * USB x2. * Conector de antena (RF) x1. SALIDAS * Optical x1. * Headphone x1. MEMORIA * RAM 1,5 GB. * ROM 1,98 GB. * Sistema Operativo WebOs 6.0. * Con sintonizador anal\u00f3gico y digital (ISDB-T). * Reproducci\u00f3n de archivos multimedia a trav\u00e9s de USB. * Incluye Air Mouse, Pantalla Inal\u00e1mbrica y comando de voz. * Compatible con Youtube, Netflix, Prime Video, Disney+ y HBO Max. * Marcos Frameless marcos m\u00e1s finos, im\u00e1genes m\u00e1s grandes. * Resoluci\u00f3n Full HD (1080p). * Bluetooth y WiFi. * Con Apple Home y compatible con Air Play. * Tensi\u00f3n 110V a 240V 5060Hz. * Potencia 85W. Detalles t\u00e9cnicos: \u2022 ANCHO: 202,1 CM \u2022 ALTO: 16,3 CM \u2022 LARGO: 122,9 CM \u2022 PESO: 34000 GR<\/p>\n","protected":false},"excerpt":{"rendered":"<p>ENTRADAS * AV IN (RCA) x1. * RJ45 x1. * HDMI x3. * USB x2. * Conector de antena (RF) x1. SALIDAS * Optical x1. * Headphone x1. MEMORIA * RAM 1,5 GB. * ROM 1,98 GB. * Sistema Operativo WebOs 6.0. * Con sintonizador anal\u00f3gico y digital (ISDB-T). * Reproducci\u00f3n de archivos multimedia a trav\u00e9s de USB. * Incluye Air Mouse, Pantalla Inal\u00e1mbrica y comando de voz. * Compatible con Youtube, Netflix, Prime Video, Disney+ y HBO Max. * Marcos Frameless marcos m\u00e1s finos, im\u00e1genes m\u00e1s grandes. * Resoluci\u00f3n Full HD (1080p). * Bluetooth y WiFi. * Con Apple Home y compatible con Air Play. * Tensi\u00f3n 110V a 240V 5060Hz. * Potencia 85W.<\/p>\n","protected":false},"featured_media":4748,"comment_status":"open","ping_status":"closed","template":"","meta":{"_et_pb_use_builder":"","_et_pb_old_content":"","_et_gb_content_width":""},"product_brand":[],"product_cat":[46],"product_tag":[],"class_list":{"0":"post-457","1":"product","2":"type-product","3":"status-publish","4":"has-post-thumbnail","6":"product_cat-tecnologia","8":"first","9":"instock","10":"shipping-taxable","11":"purchasable","12":"product-type-simple"},"_links":{"self":[{"href":"https:\/\/rubi.com.py\/index.php\/wp-json\/wp\/v2\/product\/457","targetHints":{"allow":["GET"]}}],"collection":[{"href":"https:\/\/rubi.com.py\/index.php\/wp-json\/wp\/v2\/product"}],"about":[{"href":"https:\/\/rubi.com.py\/index.php\/wp-json\/wp\/v2\/types\/product"}],"replies":[{"embeddable":true,"href":"https:\/\/rubi.com.py\/index.php\/wp-json\/wp\/v2\/comments?post=457"}],"wp:featuredmedia":[{"embeddable":true,"href":"https:\/\/rubi.com.py\/index.php\/wp-json\/wp\/v2\/media\/4748"}],"wp:attachment":[{"href":"https:\/\/rubi.com.py\/index.php\/wp-json\/wp\/v2\/media?parent=457"}],"wp:term":[{"taxonomy":"product_brand","embeddable":true,"href":"https:\/\/rubi.com.py\/index.php\/wp-json\/wp\/v2\/product_brand?post=457"},{"taxonomy":"product_cat","embeddable":true,"href":"https:\/\/rubi.com.py\/index.php\/wp-json\/wp\/v2\/product_cat?post=457"},{"taxonomy":"product_tag","embeddable":true,"href":"https:\/\/rubi.com.py\/index.php\/wp-json\/wp\/v2\/product_tag?post=457"}],"curies":[{"name":"wp","href":"https:\/\/api.w.org\/{rel}","templated":true}]}}