{"id":531,"date":"2025-10-06T16:59:18","date_gmt":"2025-10-06T14:59:18","guid":{"rendered":"https:\/\/rubi.com.py\/index.php\/producto\/secador-de-pelo-remington-d13a-shine-therapy-avocado\/"},"modified":"2026-04-20T22:28:43","modified_gmt":"2026-04-20T20:28:43","slug":"secador-de-pelo-remington-d13a-shine-therapy-avocado","status":"publish","type":"product","link":"https:\/\/rubi.com.py\/index.php\/producto\/secador-de-pelo-remington-d13a-shine-therapy-avocado\/","title":{"rendered":"SECADOR DE PELO REMINGTON D13A SHINE THERAPY AVOCADO"},"content":{"rendered":"<p>* La potencia real superar\u00e1 el 95% de la potencia nominal a 240V. * Rejilla recubierta de cer\u00e1mica con aguacate y macadamia. * Rejilla removible para una mejor limpieza. * Bot\u00f3n de aire frio para fijar peinado. * 2100 W potencia nominal. * 3 niveles de temperatura. * 2 ajustes de velocidad. * Peinado libre de frizz. * Gancho para colgar. * Mayor protecci\u00f3n. * Cabello brillante. * Cable de 1.8m. * Concentrador. * Motor DC. Im\u00e1genes meramente ilustrativas. Im\u00e1genes e informaci\u00f3n sujetas a cambios sin previo aviso. Detalles t\u00e9cnicos: \u2022 ANCHO: 30 CM \u2022 ALTO: 24 CM \u2022 LARGO: 11,5 CM \u2022 PESO: 900 GR<\/p>\n","protected":false},"excerpt":{"rendered":"<p>* La potencia real superar\u00e1 el 95% de la potencia nominal a 240V. * Rejilla recubierta de cer\u00e1mica con aguacate y macadamia. * Rejilla removible para una mejor limpieza. * Bot\u00f3n de aire frio para fijar peinado. * 2100 W potencia nominal. * 3 niveles de temperatura. * 2 ajustes de velocidad. * Peinado libre de frizz. * Gancho para colgar. * Mayor protecci\u00f3n. * Cabello brillante. * Cable de 1.8m. * Concentrador. * Motor DC. Im\u00e1genes meramente ilustrativas. Im\u00e1genes e informaci\u00f3n sujetas a cambios sin previo aviso.<\/p>\n","protected":false},"featured_media":4651,"comment_status":"open","ping_status":"closed","template":"","meta":{"_et_pb_use_builder":"","_et_pb_old_content":"","_et_gb_content_width":""},"product_brand":[],"product_cat":[45],"product_tag":[],"class_list":{"0":"post-531","1":"product","2":"type-product","3":"status-publish","4":"has-post-thumbnail","6":"product_cat-salud-y-belleza","8":"first","9":"instock","10":"shipping-taxable","11":"purchasable","12":"product-type-simple"},"_links":{"self":[{"href":"https:\/\/rubi.com.py\/index.php\/wp-json\/wp\/v2\/product\/531","targetHints":{"allow":["GET"]}}],"collection":[{"href":"https:\/\/rubi.com.py\/index.php\/wp-json\/wp\/v2\/product"}],"about":[{"href":"https:\/\/rubi.com.py\/index.php\/wp-json\/wp\/v2\/types\/product"}],"replies":[{"embeddable":true,"href":"https:\/\/rubi.com.py\/index.php\/wp-json\/wp\/v2\/comments?post=531"}],"wp:featuredmedia":[{"embeddable":true,"href":"https:\/\/rubi.com.py\/index.php\/wp-json\/wp\/v2\/media\/4651"}],"wp:attachment":[{"href":"https:\/\/rubi.com.py\/index.php\/wp-json\/wp\/v2\/media?parent=531"}],"wp:term":[{"taxonomy":"product_brand","embeddable":true,"href":"https:\/\/rubi.com.py\/index.php\/wp-json\/wp\/v2\/product_brand?post=531"},{"taxonomy":"product_cat","embeddable":true,"href":"https:\/\/rubi.com.py\/index.php\/wp-json\/wp\/v2\/product_cat?post=531"},{"taxonomy":"product_tag","embeddable":true,"href":"https:\/\/rubi.com.py\/index.php\/wp-json\/wp\/v2\/product_tag?post=531"}],"curies":[{"name":"wp","href":"https:\/\/api.w.org\/{rel}","templated":true}]}}