{"id":545,"date":"2025-10-06T17:57:06","date_gmt":"2025-10-06T15:57:06","guid":{"rendered":"https:\/\/rubi.com.py\/index.php\/producto\/sandwichera-tokyo-maxfun2-multi-funcion-waffles-creppes-cupcakes\/"},"modified":"2026-04-20T22:26:32","modified_gmt":"2026-04-20T20:26:32","slug":"sandwichera-tokyo-maxfun2-multi-funcion-waffles-creppes-cupcakes","status":"publish","type":"product","link":"https:\/\/rubi.com.py\/index.php\/producto\/sandwichera-tokyo-maxfun2-multi-funcion-waffles-creppes-cupcakes\/","title":{"rendered":"SANDWICHERA TOKYO MAXFUN2 MULTI FUNCION WAFFLES\/CREPPES\/CUPCAKES"},"content":{"rendered":"<p>* Potencia 1000W. * Con placas para waffles, creppes y cupcakes. * Tensi\u00f3n 220 V- 50 Hz. Im\u00e1genes meramente ilustrativas. Im\u00e1genes e informaci\u00f3n sujetas a cambios sin previo aviso. Detalles t\u00e9cnicos: \u2022 ANCHO: 25 CM \u2022 ALTO: 28 CM \u2022 LARGO: 22 CM \u2022 PESO: 2800 GR<\/p>\n","protected":false},"excerpt":{"rendered":"<p>* Potencia 1000W. * Con placas para waffles, creppes y cupcakes. * Tensi\u00f3n 220 V- 50 Hz. Im\u00e1genes meramente ilustrativas. Im\u00e1genes e informaci\u00f3n sujetas a cambios sin previo aviso.<\/p>\n","protected":false},"featured_media":4645,"comment_status":"open","ping_status":"closed","template":"","meta":{"_et_pb_use_builder":"","_et_pb_old_content":"","_et_gb_content_width":""},"product_brand":[],"product_cat":[33],"product_tag":[],"class_list":{"0":"post-545","1":"product","2":"type-product","3":"status-publish","4":"has-post-thumbnail","6":"product_cat-cocina-y-comedor","8":"first","9":"instock","10":"shipping-taxable","11":"purchasable","12":"product-type-simple"},"_links":{"self":[{"href":"https:\/\/rubi.com.py\/index.php\/wp-json\/wp\/v2\/product\/545","targetHints":{"allow":["GET"]}}],"collection":[{"href":"https:\/\/rubi.com.py\/index.php\/wp-json\/wp\/v2\/product"}],"about":[{"href":"https:\/\/rubi.com.py\/index.php\/wp-json\/wp\/v2\/types\/product"}],"replies":[{"embeddable":true,"href":"https:\/\/rubi.com.py\/index.php\/wp-json\/wp\/v2\/comments?post=545"}],"wp:featuredmedia":[{"embeddable":true,"href":"https:\/\/rubi.com.py\/index.php\/wp-json\/wp\/v2\/media\/4645"}],"wp:attachment":[{"href":"https:\/\/rubi.com.py\/index.php\/wp-json\/wp\/v2\/media?parent=545"}],"wp:term":[{"taxonomy":"product_brand","embeddable":true,"href":"https:\/\/rubi.com.py\/index.php\/wp-json\/wp\/v2\/product_brand?post=545"},{"taxonomy":"product_cat","embeddable":true,"href":"https:\/\/rubi.com.py\/index.php\/wp-json\/wp\/v2\/product_cat?post=545"},{"taxonomy":"product_tag","embeddable":true,"href":"https:\/\/rubi.com.py\/index.php\/wp-json\/wp\/v2\/product_tag?post=545"}],"curies":[{"name":"wp","href":"https:\/\/api.w.org\/{rel}","templated":true}]}}