{"id":581,"date":"2025-10-06T18:12:07","date_gmt":"2025-10-06T16:12:07","guid":{"rendered":"https:\/\/rubi.com.py\/index.php\/producto\/podador-cerca-viva-trapp-ht-700-700w\/"},"modified":"2026-04-20T22:39:57","modified_gmt":"2026-04-20T20:39:57","slug":"podador-cerca-viva-trapp-ht-700-700w","status":"publish","type":"product","link":"https:\/\/rubi.com.py\/index.php\/producto\/podador-cerca-viva-trapp-ht-700-700w\/","title":{"rendered":"PODADOR CERCA VIVA TRAPP HT-700 700W"},"content":{"rendered":"<p>* Sistema de protecci\u00f3n al usuario, que solamente puede ser accionado con las dos manos. * Rango de corte 51 cm. * Potencia 700 W. Im\u00e1genes meramente ilustrativas. Im\u00e1genes e informaci\u00f3n sujetas a cambios sin previo aviso. Detalles t\u00e9cnicos: \u2022 ANCHO: 13,5 CM \u2022 ALTO: 21 CM \u2022 LARGO: 94 CM \u2022 PESO: 3550 GR<\/p>\n","protected":false},"excerpt":{"rendered":"<p>* Sistema de protecci\u00f3n al usuario, que solamente puede ser accionado con las dos manos. * Rango de corte 51 cm. * Potencia 700 W. Im\u00e1genes meramente ilustrativas. Im\u00e1genes e informaci\u00f3n sujetas a cambios sin previo aviso.<\/p>\n","protected":false},"featured_media":4667,"comment_status":"open","ping_status":"closed","template":"","meta":{"_et_pb_use_builder":"","_et_pb_old_content":"","_et_gb_content_width":""},"product_brand":[],"product_cat":[38],"product_tag":[],"class_list":{"0":"post-581","1":"product","2":"type-product","3":"status-publish","4":"has-post-thumbnail","6":"product_cat-hogar-y-limpieza","8":"first","9":"instock","10":"shipping-taxable","11":"purchasable","12":"product-type-simple"},"_links":{"self":[{"href":"https:\/\/rubi.com.py\/index.php\/wp-json\/wp\/v2\/product\/581","targetHints":{"allow":["GET"]}}],"collection":[{"href":"https:\/\/rubi.com.py\/index.php\/wp-json\/wp\/v2\/product"}],"about":[{"href":"https:\/\/rubi.com.py\/index.php\/wp-json\/wp\/v2\/types\/product"}],"replies":[{"embeddable":true,"href":"https:\/\/rubi.com.py\/index.php\/wp-json\/wp\/v2\/comments?post=581"}],"wp:featuredmedia":[{"embeddable":true,"href":"https:\/\/rubi.com.py\/index.php\/wp-json\/wp\/v2\/media\/4667"}],"wp:attachment":[{"href":"https:\/\/rubi.com.py\/index.php\/wp-json\/wp\/v2\/media?parent=581"}],"wp:term":[{"taxonomy":"product_brand","embeddable":true,"href":"https:\/\/rubi.com.py\/index.php\/wp-json\/wp\/v2\/product_brand?post=581"},{"taxonomy":"product_cat","embeddable":true,"href":"https:\/\/rubi.com.py\/index.php\/wp-json\/wp\/v2\/product_cat?post=581"},{"taxonomy":"product_tag","embeddable":true,"href":"https:\/\/rubi.com.py\/index.php\/wp-json\/wp\/v2\/product_tag?post=581"}],"curies":[{"name":"wp","href":"https:\/\/api.w.org\/{rel}","templated":true}]}}