{"id":604,"date":"2025-10-06T18:25:59","date_gmt":"2025-10-06T16:25:59","guid":{"rendered":"https:\/\/rubi.com.py\/index.php\/producto\/placa-dual-vitro-tokyo-tokduali-2zonas-1-inducc-1-infrarrojo\/"},"modified":"2026-04-20T22:42:17","modified_gmt":"2026-04-20T20:42:17","slug":"placa-dual-vitro-tokyo-tokduali-2zonas-1-inducc-1-infrarrojo","status":"publish","type":"product","link":"https:\/\/rubi.com.py\/index.php\/producto\/placa-dual-vitro-tokyo-tokduali-2zonas-1-inducc-1-infrarrojo\/","title":{"rendered":"PLACA DUAL VITRO TOKYO  TOKDUALI 2ZONAS 1 INDUCC 1 INFRARROJO"},"content":{"rendered":"<p>* 2 Zonas de cocci\u00f3n 1 Infrarroja y 1 Inducci\u00f3n. * Protecci\u00f3n contra sobrecalentamiento. * Placa de cristal resistente. * Bajo consumo de energ\u00eda. * 8 niveles de temperatura. * Bloqueo de Seguridad. * Funci\u00f3n temporizador. * 4.200W de potencia. * Panel t\u00e1ctil. Im\u00e1genes meramente ilustrativas. Im\u00e1genes e informaci\u00f3n sujetas a cambios sin previo aviso. Detalles t\u00e9cnicos: \u2022 ANCHO: 72,5 CM \u2022 ALTO: 21,5 CM \u2022 LARGO: 46 CM \u2022 PESO: 13500 GR<\/p>\n","protected":false},"excerpt":{"rendered":"<p>* 2 Zonas de cocci\u00f3n 1 Infrarroja y 1 Inducci\u00f3n. * Protecci\u00f3n contra sobrecalentamiento. * Placa de cristal resistente. * Bajo consumo de energ\u00eda. * 8 niveles de temperatura. * Bloqueo de Seguridad. * Funci\u00f3n temporizador. * 4.200W de potencia. * Panel t\u00e1ctil. Im\u00e1genes meramente ilustrativas. Im\u00e1genes e informaci\u00f3n sujetas a cambios sin previo aviso.<\/p>\n","protected":false},"featured_media":4675,"comment_status":"open","ping_status":"closed","template":"","meta":{"_et_pb_use_builder":"","_et_pb_old_content":"","_et_gb_content_width":""},"product_brand":[],"product_cat":[33],"product_tag":[],"class_list":{"0":"post-604","1":"product","2":"type-product","3":"status-publish","4":"has-post-thumbnail","6":"product_cat-cocina-y-comedor","8":"first","9":"instock","10":"shipping-taxable","11":"purchasable","12":"product-type-simple"},"_links":{"self":[{"href":"https:\/\/rubi.com.py\/index.php\/wp-json\/wp\/v2\/product\/604","targetHints":{"allow":["GET"]}}],"collection":[{"href":"https:\/\/rubi.com.py\/index.php\/wp-json\/wp\/v2\/product"}],"about":[{"href":"https:\/\/rubi.com.py\/index.php\/wp-json\/wp\/v2\/types\/product"}],"replies":[{"embeddable":true,"href":"https:\/\/rubi.com.py\/index.php\/wp-json\/wp\/v2\/comments?post=604"}],"wp:featuredmedia":[{"embeddable":true,"href":"https:\/\/rubi.com.py\/index.php\/wp-json\/wp\/v2\/media\/4675"}],"wp:attachment":[{"href":"https:\/\/rubi.com.py\/index.php\/wp-json\/wp\/v2\/media?parent=604"}],"wp:term":[{"taxonomy":"product_brand","embeddable":true,"href":"https:\/\/rubi.com.py\/index.php\/wp-json\/wp\/v2\/product_brand?post=604"},{"taxonomy":"product_cat","embeddable":true,"href":"https:\/\/rubi.com.py\/index.php\/wp-json\/wp\/v2\/product_cat?post=604"},{"taxonomy":"product_tag","embeddable":true,"href":"https:\/\/rubi.com.py\/index.php\/wp-json\/wp\/v2\/product_tag?post=604"}],"curies":[{"name":"wp","href":"https:\/\/api.w.org\/{rel}","templated":true}]}}