{"id":606,"date":"2025-10-06T18:26:23","date_gmt":"2025-10-06T16:26:23","guid":{"rendered":"https:\/\/rubi.com.py\/index.php\/producto\/pinza-para-rizos-remington-mod-ci-11a19-bivolt\/"},"modified":"2026-04-20T22:41:59","modified_gmt":"2026-04-20T20:41:59","slug":"pinza-para-rizos-remington-mod-ci-11a19-bivolt","status":"publish","type":"product","link":"https:\/\/rubi.com.py\/index.php\/producto\/pinza-para-rizos-remington-mod-ci-11a19-bivolt\/","title":{"rendered":"PINZA PARA RIZOS REMINGTON MOD CI-11A19 BIVOLT"},"content":{"rendered":"<p>* Cuenta con un interruptor de encendido y apagado con indicador luminoso para m\u00e1s seguridad. * TECNOLOG\u00cdA CERAMIC ION que transmite temperaturas elevadas constantes. * Su cilindro de cer\u00e1mica brinda calor uniforme, dando resultados \u00f3ptimos. * Sistema cool tip, con el que puede sostenerse la punta sin quemarse. * Pr\u00e1ctico control de temperatura para optar entre elevada y baja. * Su dise\u00f1o delgado hace f\u00e1cil su transporte. * Temperatura m\u00e1xima 190\u00b0C (375\u00b0F). * Cord\u00f3n Giratorio de 2 metros. * Indicador LED de encendido. * Incluye Accesorio de Cepillo. * Tama\u00f1o de la Barra 19mm. * 2 ajustes de Temperatura. * Temperatura uniforme. * Mayor protecci\u00f3n. * Rizos definidos. * Barra con Clip. * Uso con cable. * Punta fr\u00eda. Im\u00e1genes meramente ilustrativas. Im\u00e1genes e informaci\u00f3n sujetas a cambios sin previo aviso. Detalles t\u00e9cnicos: \u2022 ANCHO: 7,5 CM \u2022 ALTO: 5 CM \u2022 LARGO: 31 CM \u2022 PESO: 300 GR<\/p>\n","protected":false},"excerpt":{"rendered":"<p>* Cuenta con un interruptor de encendido y apagado con indicador luminoso para m\u00e1s seguridad. * TECNOLOG\u00cdA CERAMIC ION que transmite temperaturas elevadas constantes. * Su cilindro de cer\u00e1mica brinda calor uniforme, dando resultados \u00f3ptimos. * Sistema cool tip, con el que puede sostenerse la punta sin quemarse. * Pr\u00e1ctico control de temperatura para optar entre elevada y baja. * Su dise\u00f1o delgado hace f\u00e1cil su transporte. * Temperatura m\u00e1xima 190\u00b0C (375\u00b0F). * Cord\u00f3n Giratorio de 2 metros. * Indicador LED de encendido. * Incluye Accesorio de Cepillo. * Tama\u00f1o de la Barra 19mm. * 2 ajustes de Temperatura. * Temperatura uniforme. * Mayor protecci\u00f3n. * Rizos definidos. * Barra con Clip. * Uso con cable. * Punta fr\u00eda. Im\u00e1genes meramente ilustrativas. Im\u00e1genes e informaci\u00f3n sujetas a cambios sin previo aviso.<\/p>\n","protected":false},"featured_media":4674,"comment_status":"open","ping_status":"closed","template":"","meta":{"_et_pb_use_builder":"","_et_pb_old_content":"","_et_gb_content_width":""},"product_brand":[],"product_cat":[45],"product_tag":[],"class_list":{"0":"post-606","1":"product","2":"type-product","3":"status-publish","4":"has-post-thumbnail","6":"product_cat-salud-y-belleza","8":"first","9":"instock","10":"shipping-taxable","11":"purchasable","12":"product-type-simple"},"_links":{"self":[{"href":"https:\/\/rubi.com.py\/index.php\/wp-json\/wp\/v2\/product\/606","targetHints":{"allow":["GET"]}}],"collection":[{"href":"https:\/\/rubi.com.py\/index.php\/wp-json\/wp\/v2\/product"}],"about":[{"href":"https:\/\/rubi.com.py\/index.php\/wp-json\/wp\/v2\/types\/product"}],"replies":[{"embeddable":true,"href":"https:\/\/rubi.com.py\/index.php\/wp-json\/wp\/v2\/comments?post=606"}],"wp:featuredmedia":[{"embeddable":true,"href":"https:\/\/rubi.com.py\/index.php\/wp-json\/wp\/v2\/media\/4674"}],"wp:attachment":[{"href":"https:\/\/rubi.com.py\/index.php\/wp-json\/wp\/v2\/media?parent=606"}],"wp:term":[{"taxonomy":"product_brand","embeddable":true,"href":"https:\/\/rubi.com.py\/index.php\/wp-json\/wp\/v2\/product_brand?post=606"},{"taxonomy":"product_cat","embeddable":true,"href":"https:\/\/rubi.com.py\/index.php\/wp-json\/wp\/v2\/product_cat?post=606"},{"taxonomy":"product_tag","embeddable":true,"href":"https:\/\/rubi.com.py\/index.php\/wp-json\/wp\/v2\/product_tag?post=606"}],"curies":[{"name":"wp","href":"https:\/\/api.w.org\/{rel}","templated":true}]}}