{"id":608,"date":"2025-10-06T18:26:45","date_gmt":"2025-10-06T16:26:45","guid":{"rendered":"https:\/\/rubi.com.py\/index.php\/producto\/pinza-onduladora-remington-ci5329-keratin-therapy-plus-argan\/"},"modified":"2026-04-20T22:41:44","modified_gmt":"2026-04-20T20:41:44","slug":"pinza-onduladora-remington-ci5329-keratin-therapy-plus-argan","status":"publish","type":"product","link":"https:\/\/rubi.com.py\/index.php\/producto\/pinza-onduladora-remington-ci5329-keratin-therapy-plus-argan\/","title":{"rendered":"PINZA ONDULADORA REMINGTON CI5329 KERATIN THERAPY PLUS ARGAN"},"content":{"rendered":"<p>\u00a1Los rizos han vuelto! \u00a1Es hora de volver al volumen, la textura y la forma! El rizador de cabello Keratin Therapy es una innovadora herramienta creada especialmente para que consigas rizos de aspecto sano, fuertes y el\u00e1sticos y que puedas experimentar con tu look desde bucles compactos hasta ondas playeras. Gracias a su barril c\u00f3nico avanzado con keratina y aceite de arg\u00e1n, puedes mimar un poco m\u00e1s el cabello a la vez que experimentas y moldeas sin esfuerzo, devolvi\u00e9ndole una sana elasticidad y un bonito brillo. El rizador de cabello Keratin Therapy crea unos rizos impresionantes con el barril 25 mm. La forma del barril est\u00e1 pensada para moldear el cabello desde la ra\u00edz hasta las puntas e incluye una tecnolog\u00eda de agarre mejorada que evita que los mechones se deslicen por el barril, as\u00ed puedes estilizar sin complicaciones. RIZOS DEFINIDOS Y SANOS El barril con revestimiento de cer\u00e1mica avanzada con Keratina y aceite de aceite de arg\u00e1n transfiere estos ingredientes a tu cabello mientras lo moldeas y as\u00ed consigue unos rizos el\u00e1sticos y de aspecto sano. Detalles t\u00e9cnicos: \u2022 ANCHO: 15,5 CM \u2022 ALTO: 16 CM \u2022 LARGO: 35,5 CM \u2022 PESO: 500 GR<\/p>\n","protected":false},"excerpt":{"rendered":"<p>\u00a1Los rizos han vuelto! \u00a1Es hora de volver al volumen, la textura y la forma! El rizador de cabello Keratin Therapy es una innovadora herramienta creada especialmente para que consigas rizos de aspecto sano, fuertes y el\u00e1sticos y que puedas experimentar con tu look desde bucles compactos hasta ondas playeras. Gracias a su barril c\u00f3nico avanzado con keratina y aceite de arg\u00e1n, puedes mimar un poco m\u00e1s el cabello a la vez que experimentas y moldeas sin esfuerzo, devolvi\u00e9ndole una sana elasticidad y un bonito brillo. El rizador de cabello Keratin Therapy crea unos rizos impresionantes con el barril 25 mm. La forma del barril est\u00e1 pensada para moldear el cabello desde la ra\u00edz hasta las puntas e incluye una tecnolog\u00eda de agarre mejorada que evita que los mechones se deslicen por el barril, as\u00ed puedes estilizar sin complicaciones. RIZOS DEFINIDOS Y SANOS El barril con revestimiento de cer\u00e1mica avanzada con Keratina y aceite de aceite de arg\u00e1n transfiere estos ingredientes a tu cabello mientras lo moldeas y as\u00ed consigue unos rizos el\u00e1sticos y de aspecto sano.<\/p>\n","protected":false},"featured_media":4673,"comment_status":"open","ping_status":"closed","template":"","meta":{"_et_pb_use_builder":"","_et_pb_old_content":"","_et_gb_content_width":""},"product_brand":[],"product_cat":[45],"product_tag":[],"class_list":{"0":"post-608","1":"product","2":"type-product","3":"status-publish","4":"has-post-thumbnail","6":"product_cat-salud-y-belleza","8":"first","9":"instock","10":"shipping-taxable","11":"purchasable","12":"product-type-simple"},"_links":{"self":[{"href":"https:\/\/rubi.com.py\/index.php\/wp-json\/wp\/v2\/product\/608","targetHints":{"allow":["GET"]}}],"collection":[{"href":"https:\/\/rubi.com.py\/index.php\/wp-json\/wp\/v2\/product"}],"about":[{"href":"https:\/\/rubi.com.py\/index.php\/wp-json\/wp\/v2\/types\/product"}],"replies":[{"embeddable":true,"href":"https:\/\/rubi.com.py\/index.php\/wp-json\/wp\/v2\/comments?post=608"}],"wp:featuredmedia":[{"embeddable":true,"href":"https:\/\/rubi.com.py\/index.php\/wp-json\/wp\/v2\/media\/4673"}],"wp:attachment":[{"href":"https:\/\/rubi.com.py\/index.php\/wp-json\/wp\/v2\/media?parent=608"}],"wp:term":[{"taxonomy":"product_brand","embeddable":true,"href":"https:\/\/rubi.com.py\/index.php\/wp-json\/wp\/v2\/product_brand?post=608"},{"taxonomy":"product_cat","embeddable":true,"href":"https:\/\/rubi.com.py\/index.php\/wp-json\/wp\/v2\/product_cat?post=608"},{"taxonomy":"product_tag","embeddable":true,"href":"https:\/\/rubi.com.py\/index.php\/wp-json\/wp\/v2\/product_tag?post=608"}],"curies":[{"name":"wp","href":"https:\/\/api.w.org\/{rel}","templated":true}]}}