{"id":616,"date":"2025-10-06T18:28:22","date_gmt":"2025-10-06T16:28:22","guid":{"rendered":"https:\/\/rubi.com.py\/index.php\/producto\/microondas-whirlpool-wm1111adwc-30l-c-grill-silver\/"},"modified":"2026-04-21T22:16:45","modified_gmt":"2026-04-21T20:16:45","slug":"microondas-whirlpool-wm1111adwc-30l-c-grill-silver","status":"publish","type":"product","link":"https:\/\/rubi.com.py\/index.php\/producto\/microondas-whirlpool-wm1111adwc-30l-c-grill-silver\/","title":{"rendered":"MICROONDAS WHIRLPOOL WM1111ADWC 30L C\/ GRILL SILVER"},"content":{"rendered":"<p>* Traba para ni\u00f1os Tecla especial de bloqueo para evitar travesuras y asegurar el cuidado de tu familia. * Grill el\u00e9ctrico Para preparar esos platos gratinados y bien crujientes. * 11 ciclos pre-programados para cocinar. * 6 niveles de potencia. panel digital. * Menus pre-programados. * Potencia 1.400 W. * Panel digital. Im\u00e1genes meramente ilustrativas. Im\u00e1genes e informaci\u00f3n sujetas a cambios sin previo aviso. Detalles t\u00e9cnicos: \u2022 ANCHO: 47,5 CM \u2022 ALTO: 35 CM \u2022 LARGO: 59,5 CM \u2022 PESO: 10000 GR<\/p>\n","protected":false},"excerpt":{"rendered":"<p>* Traba para ni\u00f1os Tecla especial de bloqueo para evitar travesuras y asegurar el cuidado de tu familia. * Grill el\u00e9ctrico Para preparar esos platos gratinados y bien crujientes. * 11 ciclos pre-programados para cocinar. * 6 niveles de potencia. panel digital. * Menus pre-programados. * Potencia 1.400 W. * Panel digital. Im\u00e1genes meramente ilustrativas. Im\u00e1genes e informaci\u00f3n sujetas a cambios sin previo aviso.<\/p>\n","protected":false},"featured_media":4761,"comment_status":"open","ping_status":"closed","template":"","meta":{"_et_pb_use_builder":"","_et_pb_old_content":"","_et_gb_content_width":""},"product_brand":[],"product_cat":[33],"product_tag":[],"class_list":{"0":"post-616","1":"product","2":"type-product","3":"status-publish","4":"has-post-thumbnail","6":"product_cat-cocina-y-comedor","8":"first","9":"instock","10":"shipping-taxable","11":"purchasable","12":"product-type-simple"},"_links":{"self":[{"href":"https:\/\/rubi.com.py\/index.php\/wp-json\/wp\/v2\/product\/616","targetHints":{"allow":["GET"]}}],"collection":[{"href":"https:\/\/rubi.com.py\/index.php\/wp-json\/wp\/v2\/product"}],"about":[{"href":"https:\/\/rubi.com.py\/index.php\/wp-json\/wp\/v2\/types\/product"}],"replies":[{"embeddable":true,"href":"https:\/\/rubi.com.py\/index.php\/wp-json\/wp\/v2\/comments?post=616"}],"wp:featuredmedia":[{"embeddable":true,"href":"https:\/\/rubi.com.py\/index.php\/wp-json\/wp\/v2\/media\/4761"}],"wp:attachment":[{"href":"https:\/\/rubi.com.py\/index.php\/wp-json\/wp\/v2\/media?parent=616"}],"wp:term":[{"taxonomy":"product_brand","embeddable":true,"href":"https:\/\/rubi.com.py\/index.php\/wp-json\/wp\/v2\/product_brand?post=616"},{"taxonomy":"product_cat","embeddable":true,"href":"https:\/\/rubi.com.py\/index.php\/wp-json\/wp\/v2\/product_cat?post=616"},{"taxonomy":"product_tag","embeddable":true,"href":"https:\/\/rubi.com.py\/index.php\/wp-json\/wp\/v2\/product_tag?post=616"}],"curies":[{"name":"wp","href":"https:\/\/api.w.org\/{rel}","templated":true}]}}