{"id":619,"date":"2025-10-06T18:32:08","date_gmt":"2025-10-06T16:32:08","guid":{"rendered":"https:\/\/rubi.com.py\/index.php\/producto\/microondas-tokyo-mod-tok30b-30-ltrs-digital-c-grill-blanco-220v-50hz\/"},"modified":"2026-04-21T22:12:49","modified_gmt":"2026-04-21T20:12:49","slug":"microondas-tokyo-mod-tok30b-30-ltrs-digital-c-grill-blanco-220v-50hz","status":"publish","type":"product","link":"https:\/\/rubi.com.py\/index.php\/producto\/microondas-tokyo-mod-tok30b-30-ltrs-digital-c-grill-blanco-220v-50hz\/","title":{"rendered":"MICROONDAS TOKYO MOD TOK30B 30 LTRS DIGITAL C\/GRILL BLANCO 220V 50HZ"},"content":{"rendered":"<p>* Panel digital con pantalla. * Men\u00fas programables. * Cocci\u00f3n combinada. * Capacidad 30 litros. * Potencia 900W. * Funci\u00f3n Grill. Im\u00e1genes meramente ilustrativas. Im\u00e1genes e informaci\u00f3n sujetas a cambios sin previo aviso. Detalles t\u00e9cnicos: \u2022 TENSION ELECTRICA: 220-240 VOLTIOS \u2022 FRECUENCIA ELECTRICA: 50 HERTZ \u2022 CAPACIDAD: 30 Litros \u2022 POTENCIA: 900 Watts \u2022 ANCHO: 59,1 CM \u2022 ALTO: 46,3 CM \u2022 LARGO: 38 CM \u2022 PESO: 18540 GR<\/p>\n","protected":false},"excerpt":{"rendered":"<p>* Panel digital con pantalla. * Men\u00fas programables. * Cocci\u00f3n combinada. * Capacidad 30 litros. * Potencia 900W. * Funci\u00f3n Grill. Im\u00e1genes meramente ilustrativas. Im\u00e1genes e informaci\u00f3n sujetas a cambios sin previo aviso.<\/p>\n","protected":false},"featured_media":4760,"comment_status":"open","ping_status":"closed","template":"","meta":{"_et_pb_use_builder":"","_et_pb_old_content":"","_et_gb_content_width":""},"product_brand":[],"product_cat":[33],"product_tag":[],"class_list":{"0":"post-619","1":"product","2":"type-product","3":"status-publish","4":"has-post-thumbnail","6":"product_cat-cocina-y-comedor","8":"first","9":"instock","10":"shipping-taxable","11":"purchasable","12":"product-type-simple"},"_links":{"self":[{"href":"https:\/\/rubi.com.py\/index.php\/wp-json\/wp\/v2\/product\/619","targetHints":{"allow":["GET"]}}],"collection":[{"href":"https:\/\/rubi.com.py\/index.php\/wp-json\/wp\/v2\/product"}],"about":[{"href":"https:\/\/rubi.com.py\/index.php\/wp-json\/wp\/v2\/types\/product"}],"replies":[{"embeddable":true,"href":"https:\/\/rubi.com.py\/index.php\/wp-json\/wp\/v2\/comments?post=619"}],"wp:featuredmedia":[{"embeddable":true,"href":"https:\/\/rubi.com.py\/index.php\/wp-json\/wp\/v2\/media\/4760"}],"wp:attachment":[{"href":"https:\/\/rubi.com.py\/index.php\/wp-json\/wp\/v2\/media?parent=619"}],"wp:term":[{"taxonomy":"product_brand","embeddable":true,"href":"https:\/\/rubi.com.py\/index.php\/wp-json\/wp\/v2\/product_brand?post=619"},{"taxonomy":"product_cat","embeddable":true,"href":"https:\/\/rubi.com.py\/index.php\/wp-json\/wp\/v2\/product_cat?post=619"},{"taxonomy":"product_tag","embeddable":true,"href":"https:\/\/rubi.com.py\/index.php\/wp-json\/wp\/v2\/product_tag?post=619"}],"curies":[{"name":"wp","href":"https:\/\/api.w.org\/{rel}","templated":true}]}}