{"id":649,"date":"2025-10-06T18:43:14","date_gmt":"2025-10-06T16:43:14","guid":{"rendered":"https:\/\/rubi.com.py\/index.php\/producto\/licuadora-powermix-moulinex-ln289-8v-175l-550w-vaso-vidrio\/"},"modified":"2026-04-21T22:45:49","modified_gmt":"2026-04-21T20:45:49","slug":"licuadora-powermix-moulinex-ln289-8v-175l-550w-vaso-vidrio","status":"publish","type":"product","link":"https:\/\/rubi.com.py\/index.php\/producto\/licuadora-powermix-moulinex-ln289-8v-175l-550w-vaso-vidrio\/","title":{"rendered":"LICUADORA POWERMIX MOULINEX LN289 8V 1,75L 550W VASO VIDRIO"},"content":{"rendered":"<p>* Potencia de 550W que permite una mayor eficiencia y mejores resultados. * Sistema Facilic el cual asegura que el vaso se ajuste 100% a la base. * Jarra de vidrio de alta resistencia. * Capacidad neta 1,25 litros. * Capacidad bruta 2 litros. * 8 velocidades + Pulsar. Im\u00e1genes meramente ilustrativas. Im\u00e1genes e informaci\u00f3n sujetas a cambios sin previo aviso. Detalles t\u00e9cnicos: \u2022 CAPACIDAD: 1.25 Litros \u2022 POTENCIA: 550 Watts \u2022 ANCHO: 25 CM \u2022 ALTO: 18,5 CM \u2022 LARGO: 32 CM \u2022 PESO: 2927 GR<\/p>\n","protected":false},"excerpt":{"rendered":"<p>* Potencia de 550W que permite una mayor eficiencia y mejores resultados. * Sistema Facilic el cual asegura que el vaso se ajuste 100% a la base. * Jarra de vidrio de alta resistencia. * Capacidad neta 1,25 litros. * Capacidad bruta 2 litros. * 8 velocidades + Pulsar. Im\u00e1genes meramente ilustrativas. Im\u00e1genes e informaci\u00f3n sujetas a cambios sin previo aviso.<\/p>\n","protected":false},"featured_media":4785,"comment_status":"open","ping_status":"closed","template":"","meta":{"_et_pb_use_builder":"","_et_pb_old_content":"","_et_gb_content_width":""},"product_brand":[],"product_cat":[33],"product_tag":[],"class_list":{"0":"post-649","1":"product","2":"type-product","3":"status-publish","4":"has-post-thumbnail","6":"product_cat-cocina-y-comedor","8":"first","9":"instock","10":"shipping-taxable","11":"purchasable","12":"product-type-simple"},"_links":{"self":[{"href":"https:\/\/rubi.com.py\/index.php\/wp-json\/wp\/v2\/product\/649","targetHints":{"allow":["GET"]}}],"collection":[{"href":"https:\/\/rubi.com.py\/index.php\/wp-json\/wp\/v2\/product"}],"about":[{"href":"https:\/\/rubi.com.py\/index.php\/wp-json\/wp\/v2\/types\/product"}],"replies":[{"embeddable":true,"href":"https:\/\/rubi.com.py\/index.php\/wp-json\/wp\/v2\/comments?post=649"}],"wp:featuredmedia":[{"embeddable":true,"href":"https:\/\/rubi.com.py\/index.php\/wp-json\/wp\/v2\/media\/4785"}],"wp:attachment":[{"href":"https:\/\/rubi.com.py\/index.php\/wp-json\/wp\/v2\/media?parent=649"}],"wp:term":[{"taxonomy":"product_brand","embeddable":true,"href":"https:\/\/rubi.com.py\/index.php\/wp-json\/wp\/v2\/product_brand?post=649"},{"taxonomy":"product_cat","embeddable":true,"href":"https:\/\/rubi.com.py\/index.php\/wp-json\/wp\/v2\/product_cat?post=649"},{"taxonomy":"product_tag","embeddable":true,"href":"https:\/\/rubi.com.py\/index.php\/wp-json\/wp\/v2\/product_tag?post=649"}],"curies":[{"name":"wp","href":"https:\/\/api.w.org\/{rel}","templated":true}]}}