{"id":697,"date":"2025-10-06T18:54:33","date_gmt":"2025-10-06T16:54:33","guid":{"rendered":"https:\/\/rubi.com.py\/index.php\/producto\/lavarropas-whirlpool-wwi10as9ls-10-1kg-carga-sup-silver-850rpm\/"},"modified":"2026-04-21T23:08:11","modified_gmt":"2026-04-21T21:08:11","slug":"lavarropas-whirlpool-wwi10as9ls-10-1kg-carga-sup-silver-850rpm","status":"publish","type":"product","link":"https:\/\/rubi.com.py\/index.php\/producto\/lavarropas-whirlpool-wwi10as9ls-10-1kg-carga-sup-silver-850rpm\/","title":{"rendered":"LAVARROPAS WHIRLPOOL WWI10AS9LS 10.1KG CARGA SUP SILVER 850RPM"},"content":{"rendered":"<p>* Smart cycle, calcula automaticamente el nivel del agua. * Fast cycle, rompa limpia en 26 minutos. * Capacidad 10.1kg. * 6 ciclos de lavado. * 2 temperaturas. * Panel digital. * 850rpm. Im\u00e1genes meramente ilustrativas. Im\u00e1genes e informaci\u00f3n sujetas a cambios sin previo aviso. Detalles t\u00e9cnicos: \u2022 CAPACIDAD: 10.1 kilogramo \u2022 COLOR: GRIS COLOR \u2022 ANCHO: 63 CM \u2022 ALTO: 102,5 CM \u2022 LARGO: 65 CM \u2022 PESO: 37000 GR<\/p>\n","protected":false},"excerpt":{"rendered":"<p>* Smart cycle, calcula automaticamente el nivel del agua. * Fast cycle, rompa limpia en 26 minutos. * Capacidad 10.1kg. * 6 ciclos de lavado. * 2 temperaturas. * Panel digital. * 850rpm. Im\u00e1genes meramente ilustrativas. Im\u00e1genes e informaci\u00f3n sujetas a cambios sin previo aviso.<\/p>\n","protected":false},"featured_media":4803,"comment_status":"open","ping_status":"closed","template":"","meta":{"_et_pb_use_builder":"","_et_pb_old_content":"","_et_gb_content_width":""},"product_brand":[],"product_cat":[41],"product_tag":[],"class_list":{"0":"post-697","1":"product","2":"type-product","3":"status-publish","4":"has-post-thumbnail","6":"product_cat-lavado-y-cuidado-de-prendas","8":"first","9":"instock","10":"shipping-taxable","11":"purchasable","12":"product-type-simple"},"_links":{"self":[{"href":"https:\/\/rubi.com.py\/index.php\/wp-json\/wp\/v2\/product\/697","targetHints":{"allow":["GET"]}}],"collection":[{"href":"https:\/\/rubi.com.py\/index.php\/wp-json\/wp\/v2\/product"}],"about":[{"href":"https:\/\/rubi.com.py\/index.php\/wp-json\/wp\/v2\/types\/product"}],"replies":[{"embeddable":true,"href":"https:\/\/rubi.com.py\/index.php\/wp-json\/wp\/v2\/comments?post=697"}],"wp:featuredmedia":[{"embeddable":true,"href":"https:\/\/rubi.com.py\/index.php\/wp-json\/wp\/v2\/media\/4803"}],"wp:attachment":[{"href":"https:\/\/rubi.com.py\/index.php\/wp-json\/wp\/v2\/media?parent=697"}],"wp:term":[{"taxonomy":"product_brand","embeddable":true,"href":"https:\/\/rubi.com.py\/index.php\/wp-json\/wp\/v2\/product_brand?post=697"},{"taxonomy":"product_cat","embeddable":true,"href":"https:\/\/rubi.com.py\/index.php\/wp-json\/wp\/v2\/product_cat?post=697"},{"taxonomy":"product_tag","embeddable":true,"href":"https:\/\/rubi.com.py\/index.php\/wp-json\/wp\/v2\/product_tag?post=697"}],"curies":[{"name":"wp","href":"https:\/\/api.w.org\/{rel}","templated":true}]}}