{"id":705,"date":"2025-10-06T19:29:22","date_gmt":"2025-10-06T17:29:22","guid":{"rendered":"https:\/\/rubi.com.py\/index.php\/producto\/lavarropas-whirlpool-ww20bta9la-20kg-carga-sup-silver-700rpm\/"},"modified":"2026-04-21T23:07:23","modified_gmt":"2026-04-21T21:07:23","slug":"lavarropas-whirlpool-ww20bta9la-20kg-carga-sup-silver-700rpm","status":"publish","type":"product","link":"https:\/\/rubi.com.py\/index.php\/producto\/lavarropas-whirlpool-ww20bta9la-20kg-carga-sup-silver-700rpm\/","title":{"rendered":"LAVARROPAS WHIRLPOOL WW20BTA9LA 20KG CARGA SUP SILVER 700RPM"},"content":{"rendered":"<p>* Xpert Cycles Ciclos de lavado pensados y desarrollados especialmente por Whirlpool que ofrecen un gran desempe\u00f1o de limpieza, remoci\u00f3n de manchas y cuidado para las prendas. * Remoci\u00f3n de Manchas Pro Remueve m\u00e1s de 40 tipos de manchas. * Ciclos Ropa de Mascotas Remueve hasta un 80% m\u00e1s de pelos. * 17 ciclos de lavado (13 autom\u00e1ticos + 4 manuales). * Lavado a turbina con tecnolog\u00eda Smart Action. * 5 Niveles de agua (4 + autom\u00e1tico). * Entrada para agua caliente y fr\u00eda. * Funci\u00f3n de Inicio Diferido. * Bloqueo de seguridad. * Capacidad 20 kilos. * Multi &#8211; dispenser. * Lavado Express. * 11 programas. * Panel digital. * 700 RPM. MEDIDAS * Ancho 62 cm. * Alto 110 cm. * Profundidad 66 cm. Im\u00e1genes meramente ilustrativas. Im\u00e1genes e informaci\u00f3n sujetas a cambios sin previo aviso. Detalles t\u00e9cnicos: \u2022 CAPACIDAD: 20 kilogramo \u2022 COLOR: GRIS PLATA COLOR \u2022 ANCHO: 67 CM \u2022 ALTO: 114 CM \u2022 LARGO: 71 CM \u2022 PESO: 43000 GR<\/p>\n","protected":false},"excerpt":{"rendered":"<p>* Xpert Cycles Ciclos de lavado pensados y desarrollados especialmente por Whirlpool que ofrecen un gran desempe\u00f1o de limpieza, remoci\u00f3n de manchas y cuidado para las prendas. * Remoci\u00f3n de Manchas Pro Remueve m\u00e1s de 40 tipos de manchas. * Ciclos Ropa de Mascotas Remueve hasta un 80% m\u00e1s de pelos. * 17 ciclos de lavado (13 autom\u00e1ticos + 4 manuales). * Lavado a turbina con tecnolog\u00eda Smart Action. * 5 Niveles de agua (4 + autom\u00e1tico). * Entrada para agua caliente y fr\u00eda. * Funci\u00f3n de Inicio Diferido. * Bloqueo de seguridad. * Capacidad 20 kilos. * Multi &#8211; dispenser. * Lavado Express. * 11 programas. * Panel digital. * 700 RPM. MEDIDAS * Ancho 62 cm. * Alto 110 cm. * Profundidad 66 cm. Im\u00e1genes meramente ilustrativas. Im\u00e1genes e informaci\u00f3n sujetas a cambios sin previo aviso.<\/p>\n","protected":false},"featured_media":4800,"comment_status":"open","ping_status":"closed","template":"","meta":{"_et_pb_use_builder":"","_et_pb_old_content":"","_et_gb_content_width":""},"product_brand":[],"product_cat":[41],"product_tag":[],"class_list":{"0":"post-705","1":"product","2":"type-product","3":"status-publish","4":"has-post-thumbnail","6":"product_cat-lavado-y-cuidado-de-prendas","8":"first","9":"instock","10":"shipping-taxable","11":"purchasable","12":"product-type-simple"},"_links":{"self":[{"href":"https:\/\/rubi.com.py\/index.php\/wp-json\/wp\/v2\/product\/705","targetHints":{"allow":["GET"]}}],"collection":[{"href":"https:\/\/rubi.com.py\/index.php\/wp-json\/wp\/v2\/product"}],"about":[{"href":"https:\/\/rubi.com.py\/index.php\/wp-json\/wp\/v2\/types\/product"}],"replies":[{"embeddable":true,"href":"https:\/\/rubi.com.py\/index.php\/wp-json\/wp\/v2\/comments?post=705"}],"wp:featuredmedia":[{"embeddable":true,"href":"https:\/\/rubi.com.py\/index.php\/wp-json\/wp\/v2\/media\/4800"}],"wp:attachment":[{"href":"https:\/\/rubi.com.py\/index.php\/wp-json\/wp\/v2\/media?parent=705"}],"wp:term":[{"taxonomy":"product_brand","embeddable":true,"href":"https:\/\/rubi.com.py\/index.php\/wp-json\/wp\/v2\/product_brand?post=705"},{"taxonomy":"product_cat","embeddable":true,"href":"https:\/\/rubi.com.py\/index.php\/wp-json\/wp\/v2\/product_cat?post=705"},{"taxonomy":"product_tag","embeddable":true,"href":"https:\/\/rubi.com.py\/index.php\/wp-json\/wp\/v2\/product_tag?post=705"}],"curies":[{"name":"wp","href":"https:\/\/api.w.org\/{rel}","templated":true}]}}