{"id":714,"date":"2025-10-06T19:31:50","date_gmt":"2025-10-06T17:31:50","guid":{"rendered":"https:\/\/rubi.com.py\/index.php\/producto\/lavarropas-whirlpool-3lwtw4815fw-usa-15kg-carga-sup-660rpm\/"},"modified":"2026-04-21T23:14:31","modified_gmt":"2026-04-21T21:14:31","slug":"lavarropas-whirlpool-3lwtw4815fw-usa-15kg-carga-sup-660rpm","status":"publish","type":"product","link":"https:\/\/rubi.com.py\/index.php\/producto\/lavarropas-whirlpool-3lwtw4815fw-usa-15kg-carga-sup-660rpm\/","title":{"rendered":"LAVARROPAS WHIRLPOOL 3LWTW4815FW USA 15KG CARGA SUP 660RPM"},"content":{"rendered":"<p>* XL SYSTEM Combinaci\u00f3n de dise\u00f1o al interior de la tina &amp; opciones de lavado para brinda m\u00e1s capacidad, resistencia y desempe\u00f1o. * Tambor Porcelanizado Tambor de acero recubierto por una capa de porcelana, otorgandole mayor durabilidad y robustes. * Sensor de llenado Sistema de llenado autom\u00e1tico. Permite determinar el nivel adecuado de agua, dependiendo la carga ingresada a la lavadora. * Bloqueo para ni\u00f1os Tecla especial de bloqueo para evitar travesuras y asegurar el cuidado de tu familia. * Lavado Experto Permite adaptar el ciclo de lavado seg\u00fan el color de tus prendas. * 660 RPM, 11 programas de lavado. * 4 Niveles de agua. * 4 Temperatura. MEDIDAS DEL PRODUCTO. * Ancho 68,5 cm. * Alto 106,6 cm. * Profundidad 66 cm. Im\u00e1genes meramente ilustrativas. Im\u00e1genes e informaci\u00f3n sujetas a cambios sin previo aviso. Detalles t\u00e9cnicos: \u2022 ANCHO: 74 CM \u2022 ALTO: 112 CM \u2022 LARGO: 78 CM \u2022 PESO: 72000 GR<\/p>\n","protected":false},"excerpt":{"rendered":"<p>* XL SYSTEM Combinaci\u00f3n de dise\u00f1o al interior de la tina &amp; opciones de lavado para brinda m\u00e1s capacidad, resistencia y desempe\u00f1o. * Tambor Porcelanizado Tambor de acero recubierto por una capa de porcelana, otorgandole mayor durabilidad y robustes. * Sensor de llenado Sistema de llenado autom\u00e1tico. Permite determinar el nivel adecuado de agua, dependiendo la carga ingresada a la lavadora. * Bloqueo para ni\u00f1os Tecla especial de bloqueo para evitar travesuras y asegurar el cuidado de tu familia. * Lavado Experto Permite adaptar el ciclo de lavado seg\u00fan el color de tus prendas. * 660 RPM, 11 programas de lavado. * 4 Niveles de agua. * 4 Temperatura. MEDIDAS DEL PRODUCTO. * Ancho 68,5 cm. * Alto 106,6 cm. * Profundidad 66 cm. Im\u00e1genes meramente ilustrativas. Im\u00e1genes e informaci\u00f3n sujetas a cambios sin previo aviso.<\/p>\n","protected":false},"featured_media":4815,"comment_status":"open","ping_status":"closed","template":"","meta":{"_et_pb_use_builder":"","_et_pb_old_content":"","_et_gb_content_width":""},"product_brand":[],"product_cat":[41],"product_tag":[],"class_list":{"0":"post-714","1":"product","2":"type-product","3":"status-publish","4":"has-post-thumbnail","6":"product_cat-lavado-y-cuidado-de-prendas","8":"first","9":"instock","10":"shipping-taxable","11":"purchasable","12":"product-type-simple"},"_links":{"self":[{"href":"https:\/\/rubi.com.py\/index.php\/wp-json\/wp\/v2\/product\/714","targetHints":{"allow":["GET"]}}],"collection":[{"href":"https:\/\/rubi.com.py\/index.php\/wp-json\/wp\/v2\/product"}],"about":[{"href":"https:\/\/rubi.com.py\/index.php\/wp-json\/wp\/v2\/types\/product"}],"replies":[{"embeddable":true,"href":"https:\/\/rubi.com.py\/index.php\/wp-json\/wp\/v2\/comments?post=714"}],"wp:featuredmedia":[{"embeddable":true,"href":"https:\/\/rubi.com.py\/index.php\/wp-json\/wp\/v2\/media\/4815"}],"wp:attachment":[{"href":"https:\/\/rubi.com.py\/index.php\/wp-json\/wp\/v2\/media?parent=714"}],"wp:term":[{"taxonomy":"product_brand","embeddable":true,"href":"https:\/\/rubi.com.py\/index.php\/wp-json\/wp\/v2\/product_brand?post=714"},{"taxonomy":"product_cat","embeddable":true,"href":"https:\/\/rubi.com.py\/index.php\/wp-json\/wp\/v2\/product_cat?post=714"},{"taxonomy":"product_tag","embeddable":true,"href":"https:\/\/rubi.com.py\/index.php\/wp-json\/wp\/v2\/product_tag?post=714"}],"curies":[{"name":"wp","href":"https:\/\/api.w.org\/{rel}","templated":true}]}}