{"id":726,"date":"2025-10-06T19:34:00","date_gmt":"2025-10-06T17:34:00","guid":{"rendered":"https:\/\/rubi.com.py\/index.php\/producto\/lavarropas-semi-automatico-doble-tanque-tokyo-facilita-duo-105kg-lav-6kg-cent\/"},"modified":"2026-04-21T23:10:11","modified_gmt":"2026-04-21T21:10:11","slug":"lavarropas-semi-automatico-doble-tanque-tokyo-facilita-duo-105kg-lav-6kg-cent","status":"publish","type":"product","link":"https:\/\/rubi.com.py\/index.php\/producto\/lavarropas-semi-automatico-doble-tanque-tokyo-facilita-duo-105kg-lav-6kg-cent\/","title":{"rendered":"LAVARROPAS SEMI AUTOMATICO DOBLE TANQUE TOKYO FACILITA DUO 10,5KG LAV &#8211; 6KG CENT"},"content":{"rendered":"<p>* Velocidad de centrifugado 1.400 RPM. * Capacidad de centrifugado 6kg. * Capacidad de lavado 10,5kg. * Doble tanque. * 220-240 V. Im\u00e1genes meramente ilustrativas. Im\u00e1genes e informaci\u00f3n sujetas a cambios sin previo aviso. Detalles t\u00e9cnicos: \u2022 ANCHO: 88 CM \u2022 ALTO: 52 CM \u2022 LARGO: 102 CM \u2022 PESO: 26000 GR<\/p>\n","protected":false},"excerpt":{"rendered":"<p>* Velocidad de centrifugado 1.400 RPM. * Capacidad de centrifugado 6kg. * Capacidad de lavado 10,5kg. * Doble tanque. * 220-240 V. Im\u00e1genes meramente ilustrativas. Im\u00e1genes e informaci\u00f3n sujetas a cambios sin previo aviso.<\/p>\n","protected":false},"featured_media":4809,"comment_status":"open","ping_status":"closed","template":"","meta":{"_et_pb_use_builder":"","_et_pb_old_content":"","_et_gb_content_width":""},"product_brand":[],"product_cat":[41],"product_tag":[],"class_list":{"0":"post-726","1":"product","2":"type-product","3":"status-publish","4":"has-post-thumbnail","6":"product_cat-lavado-y-cuidado-de-prendas","8":"first","9":"instock","10":"shipping-taxable","11":"purchasable","12":"product-type-simple"},"_links":{"self":[{"href":"https:\/\/rubi.com.py\/index.php\/wp-json\/wp\/v2\/product\/726","targetHints":{"allow":["GET"]}}],"collection":[{"href":"https:\/\/rubi.com.py\/index.php\/wp-json\/wp\/v2\/product"}],"about":[{"href":"https:\/\/rubi.com.py\/index.php\/wp-json\/wp\/v2\/types\/product"}],"replies":[{"embeddable":true,"href":"https:\/\/rubi.com.py\/index.php\/wp-json\/wp\/v2\/comments?post=726"}],"wp:featuredmedia":[{"embeddable":true,"href":"https:\/\/rubi.com.py\/index.php\/wp-json\/wp\/v2\/media\/4809"}],"wp:attachment":[{"href":"https:\/\/rubi.com.py\/index.php\/wp-json\/wp\/v2\/media?parent=726"}],"wp:term":[{"taxonomy":"product_brand","embeddable":true,"href":"https:\/\/rubi.com.py\/index.php\/wp-json\/wp\/v2\/product_brand?post=726"},{"taxonomy":"product_cat","embeddable":true,"href":"https:\/\/rubi.com.py\/index.php\/wp-json\/wp\/v2\/product_cat?post=726"},{"taxonomy":"product_tag","embeddable":true,"href":"https:\/\/rubi.com.py\/index.php\/wp-json\/wp\/v2\/product_tag?post=726"}],"curies":[{"name":"wp","href":"https:\/\/api.w.org\/{rel}","templated":true}]}}