{"id":733,"date":"2025-10-06T19:35:04","date_gmt":"2025-10-06T17:35:04","guid":{"rendered":"https:\/\/rubi.com.py\/index.php\/producto\/lavarropas-automatica-tokyo-cecilia-inverter-105kg-1400rpm\/"},"modified":"2026-04-22T13:19:40","modified_gmt":"2026-04-22T11:19:40","slug":"lavarropas-automatica-tokyo-cecilia-inverter-105kg-1400rpm","status":"publish","type":"product","link":"https:\/\/rubi.com.py\/index.php\/producto\/lavarropas-automatica-tokyo-cecilia-inverter-105kg-1400rpm\/","title":{"rendered":"LAVARROPAS AUTOMATICA TOKYO CECILIA INVERTER 10,5KG 1400RPM"},"content":{"rendered":"<p>* Agua caliente incorporada. * Funci\u00f3n cuidado spa. * 2000 W de potencia. * Capacidad 10.5 kg. * 14 programas. Im\u00e1genes meramente ilustrativas. Im\u00e1genes e informaci\u00f3n sujetas a cambios sin previo aviso. Detalles t\u00e9cnicos: \u2022 ANCHO: 59,5 CM \u2022 ALTO: 56,5 CM \u2022 LARGO: 85 CM \u2022 PESO: 73000 GR<\/p>\n","protected":false},"excerpt":{"rendered":"<p>* Agua caliente incorporada. * Funci\u00f3n cuidado spa. * 2000 W de potencia. * Capacidad 10.5 kg. * 14 programas. Im\u00e1genes meramente ilustrativas. Im\u00e1genes e informaci\u00f3n sujetas a cambios sin previo aviso.<\/p>\n","protected":false},"featured_media":4829,"comment_status":"open","ping_status":"closed","template":"","meta":{"_et_pb_use_builder":"","_et_pb_old_content":"","_et_gb_content_width":""},"product_brand":[],"product_cat":[41],"product_tag":[],"class_list":{"0":"post-733","1":"product","2":"type-product","3":"status-publish","4":"has-post-thumbnail","6":"product_cat-lavado-y-cuidado-de-prendas","8":"first","9":"instock","10":"shipping-taxable","11":"purchasable","12":"product-type-simple"},"_links":{"self":[{"href":"https:\/\/rubi.com.py\/index.php\/wp-json\/wp\/v2\/product\/733","targetHints":{"allow":["GET"]}}],"collection":[{"href":"https:\/\/rubi.com.py\/index.php\/wp-json\/wp\/v2\/product"}],"about":[{"href":"https:\/\/rubi.com.py\/index.php\/wp-json\/wp\/v2\/types\/product"}],"replies":[{"embeddable":true,"href":"https:\/\/rubi.com.py\/index.php\/wp-json\/wp\/v2\/comments?post=733"}],"wp:featuredmedia":[{"embeddable":true,"href":"https:\/\/rubi.com.py\/index.php\/wp-json\/wp\/v2\/media\/4829"}],"wp:attachment":[{"href":"https:\/\/rubi.com.py\/index.php\/wp-json\/wp\/v2\/media?parent=733"}],"wp:term":[{"taxonomy":"product_brand","embeddable":true,"href":"https:\/\/rubi.com.py\/index.php\/wp-json\/wp\/v2\/product_brand?post=733"},{"taxonomy":"product_cat","embeddable":true,"href":"https:\/\/rubi.com.py\/index.php\/wp-json\/wp\/v2\/product_cat?post=733"},{"taxonomy":"product_tag","embeddable":true,"href":"https:\/\/rubi.com.py\/index.php\/wp-json\/wp\/v2\/product_tag?post=733"}],"curies":[{"name":"wp","href":"https:\/\/api.w.org\/{rel}","templated":true}]}}