{"id":742,"date":"2025-10-06T19:38:35","date_gmt":"2025-10-06T17:38:35","guid":{"rendered":"https:\/\/rubi.com.py\/index.php\/producto\/kit-de-jardin-de-3-piezas-trapp-fj-1202-verde\/"},"modified":"2026-04-22T13:12:30","modified_gmt":"2026-04-22T11:12:30","slug":"kit-de-jardin-de-3-piezas-trapp-fj-1202-verde","status":"publish","type":"product","link":"https:\/\/rubi.com.py\/index.php\/producto\/kit-de-jardin-de-3-piezas-trapp-fj-1202-verde\/","title":{"rendered":"KIT DE JARDIN DE 3 PIEZAS TRAPP FJ-1202  VERDE"},"content":{"rendered":"<p>* Cuerpo de acero y mango de pl\u00e1stico inyectado con revestimiento antideslizante. * Set con 1 cincel, 1 pala trasplantadora estrecha y 1 pala ancha. Im\u00e1genes meramente ilustrativas. Im\u00e1genes e informaci\u00f3n sujetas a cambios sin previo aviso. Detalles t\u00e9cnicos: \u2022 ANCHO: 1 CM \u2022 ALTO: 1 CM \u2022 LARGO: 1 CM \u2022 PESO: 5 GR<\/p>\n","protected":false},"excerpt":{"rendered":"<p>* Cuerpo de acero y mango de pl\u00e1stico inyectado con revestimiento antideslizante. * Set con 1 cincel, 1 pala trasplantadora estrecha y 1 pala ancha. Im\u00e1genes meramente ilustrativas. Im\u00e1genes e informaci\u00f3n sujetas a cambios sin previo aviso.<\/p>\n","protected":false},"featured_media":4823,"comment_status":"open","ping_status":"closed","template":"","meta":{"_et_pb_use_builder":"","_et_pb_old_content":"","_et_gb_content_width":""},"product_brand":[],"product_cat":[38],"product_tag":[],"class_list":{"0":"post-742","1":"product","2":"type-product","3":"status-publish","4":"has-post-thumbnail","6":"product_cat-hogar-y-limpieza","8":"first","9":"instock","10":"shipping-taxable","11":"purchasable","12":"product-type-simple"},"_links":{"self":[{"href":"https:\/\/rubi.com.py\/index.php\/wp-json\/wp\/v2\/product\/742","targetHints":{"allow":["GET"]}}],"collection":[{"href":"https:\/\/rubi.com.py\/index.php\/wp-json\/wp\/v2\/product"}],"about":[{"href":"https:\/\/rubi.com.py\/index.php\/wp-json\/wp\/v2\/types\/product"}],"replies":[{"embeddable":true,"href":"https:\/\/rubi.com.py\/index.php\/wp-json\/wp\/v2\/comments?post=742"}],"wp:featuredmedia":[{"embeddable":true,"href":"https:\/\/rubi.com.py\/index.php\/wp-json\/wp\/v2\/media\/4823"}],"wp:attachment":[{"href":"https:\/\/rubi.com.py\/index.php\/wp-json\/wp\/v2\/media?parent=742"}],"wp:term":[{"taxonomy":"product_brand","embeddable":true,"href":"https:\/\/rubi.com.py\/index.php\/wp-json\/wp\/v2\/product_brand?post=742"},{"taxonomy":"product_cat","embeddable":true,"href":"https:\/\/rubi.com.py\/index.php\/wp-json\/wp\/v2\/product_cat?post=742"},{"taxonomy":"product_tag","embeddable":true,"href":"https:\/\/rubi.com.py\/index.php\/wp-json\/wp\/v2\/product_tag?post=742"}],"curies":[{"name":"wp","href":"https:\/\/api.w.org\/{rel}","templated":true}]}}