{"id":748,"date":"2025-10-06T19:40:02","date_gmt":"2025-10-06T17:40:02","guid":{"rendered":"https:\/\/rubi.com.py\/index.php\/producto\/humidificador-manual-tokyo-2en1-purifica-y-aromatiza-4-5lts\/"},"modified":"2026-04-22T13:49:04","modified_gmt":"2026-04-22T11:49:04","slug":"humidificador-manual-tokyo-2en1-purifica-y-aromatiza-4-5lts","status":"publish","type":"product","link":"https:\/\/rubi.com.py\/index.php\/producto\/humidificador-manual-tokyo-2en1-purifica-y-aromatiza-4-5lts\/","title":{"rendered":"HUMIDIFICADOR MANUAL TOKYO 2en1 PURIFICA Y AROMATIZA 4.5Lts."},"content":{"rendered":"<p>* Capacidad 4.5L. * Doble boquilla. * 30W. H. Niebla Fr\u00eda. * Salida de niebla 360\u00ba. * Vol\u00famen de niebla ajustable. * Filtro de aire desmontable. * Espacio especial para agregar escencias. * Operaci\u00f3n manual, humidificador y aromatizador. * Protecci\u00f3n de parada autom\u00e1tica ante escasez de agua. * Salida de niebla 350 mlh. Detalles t\u00e9cnicos: \u2022 ANCHO: 21,5 CM \u2022 ALTO: 40 CM \u2022 LARGO: 21,5 CM \u2022 PESO: 1400 GR<\/p>\n","protected":false},"excerpt":{"rendered":"<p>* Capacidad 4.5L. * Doble boquilla. * 30W. H. Niebla Fr\u00eda. * Salida de niebla 360\u00ba. * Vol\u00famen de niebla ajustable. * Filtro de aire desmontable. * Espacio especial para agregar escencias. * Operaci\u00f3n manual, humidificador y aromatizador. * Protecci\u00f3n de parada autom\u00e1tica ante escasez de agua. * Salida de niebla 350 mlh.<\/p>\n","protected":false},"featured_media":4849,"comment_status":"open","ping_status":"closed","template":"","meta":{"_et_pb_use_builder":"","_et_pb_old_content":"","_et_gb_content_width":""},"product_brand":[],"product_cat":[38],"product_tag":[],"class_list":{"0":"post-748","1":"product","2":"type-product","3":"status-publish","4":"has-post-thumbnail","6":"product_cat-hogar-y-limpieza","8":"first","9":"instock","10":"shipping-taxable","11":"purchasable","12":"product-type-simple"},"_links":{"self":[{"href":"https:\/\/rubi.com.py\/index.php\/wp-json\/wp\/v2\/product\/748","targetHints":{"allow":["GET"]}}],"collection":[{"href":"https:\/\/rubi.com.py\/index.php\/wp-json\/wp\/v2\/product"}],"about":[{"href":"https:\/\/rubi.com.py\/index.php\/wp-json\/wp\/v2\/types\/product"}],"replies":[{"embeddable":true,"href":"https:\/\/rubi.com.py\/index.php\/wp-json\/wp\/v2\/comments?post=748"}],"wp:featuredmedia":[{"embeddable":true,"href":"https:\/\/rubi.com.py\/index.php\/wp-json\/wp\/v2\/media\/4849"}],"wp:attachment":[{"href":"https:\/\/rubi.com.py\/index.php\/wp-json\/wp\/v2\/media?parent=748"}],"wp:term":[{"taxonomy":"product_brand","embeddable":true,"href":"https:\/\/rubi.com.py\/index.php\/wp-json\/wp\/v2\/product_brand?post=748"},{"taxonomy":"product_cat","embeddable":true,"href":"https:\/\/rubi.com.py\/index.php\/wp-json\/wp\/v2\/product_cat?post=748"},{"taxonomy":"product_tag","embeddable":true,"href":"https:\/\/rubi.com.py\/index.php\/wp-json\/wp\/v2\/product_tag?post=748"}],"curies":[{"name":"wp","href":"https:\/\/api.w.org\/{rel}","templated":true}]}}