{"id":752,"date":"2025-10-06T19:41:40","date_gmt":"2025-10-06T17:41:40","guid":{"rendered":"https:\/\/rubi.com.py\/index.php\/producto\/horno-tokyo-xg-60l-2-placas-electricas-2200w-convector\/"},"modified":"2026-04-22T13:32:45","modified_gmt":"2026-04-22T11:32:45","slug":"horno-tokyo-xg-60l-2-placas-electricas-2200w-convector","status":"publish","type":"product","link":"https:\/\/rubi.com.py\/index.php\/producto\/horno-tokyo-xg-60l-2-placas-electricas-2200w-convector\/","title":{"rendered":"HORNO TOKYO XG 60L 2 PLACAS ELECTRICAS 2200W CONVECTOR"},"content":{"rendered":"<p>* Temperatura 100\u00baC a 250\u00baC. * Incluye 1 bandeja, 1 rejilla. * Capacidad 60 litros. * Timer 120 minutos. * Potencia 1800W. * Con convector. * Luz interior. MEDIDAS DEL PRODUCTO. * Ancho 62cm. * Alto 43cm. * Profundidad 49cm. Im\u00e1genes meramente ilustrativas. Im\u00e1genes e informaci\u00f3n sujetas a cambios sin previo aviso. Detalles t\u00e9cnicos: \u2022 ANCHO: 49 CM \u2022 ALTO: 48 CM \u2022 LARGO: 67 CM \u2022 PESO: 13690 GR<\/p>\n","protected":false},"excerpt":{"rendered":"<p>* Temperatura 100\u00baC a 250\u00baC. * Incluye 1 bandeja, 1 rejilla. * Capacidad 60 litros. * Timer 120 minutos. * Potencia 1800W. * Con convector. * Luz interior. MEDIDAS DEL PRODUCTO. * Ancho 62cm. * Alto 43cm. * Profundidad 49cm. Im\u00e1genes meramente ilustrativas. Im\u00e1genes e informaci\u00f3n sujetas a cambios sin previo aviso.<\/p>\n","protected":false},"featured_media":4840,"comment_status":"open","ping_status":"closed","template":"","meta":{"_et_pb_use_builder":"","_et_pb_old_content":"","_et_gb_content_width":""},"product_brand":[],"product_cat":[33],"product_tag":[],"class_list":{"0":"post-752","1":"product","2":"type-product","3":"status-publish","4":"has-post-thumbnail","6":"product_cat-cocina-y-comedor","8":"first","9":"instock","10":"shipping-taxable","11":"purchasable","12":"product-type-simple"},"_links":{"self":[{"href":"https:\/\/rubi.com.py\/index.php\/wp-json\/wp\/v2\/product\/752","targetHints":{"allow":["GET"]}}],"collection":[{"href":"https:\/\/rubi.com.py\/index.php\/wp-json\/wp\/v2\/product"}],"about":[{"href":"https:\/\/rubi.com.py\/index.php\/wp-json\/wp\/v2\/types\/product"}],"replies":[{"embeddable":true,"href":"https:\/\/rubi.com.py\/index.php\/wp-json\/wp\/v2\/comments?post=752"}],"wp:featuredmedia":[{"embeddable":true,"href":"https:\/\/rubi.com.py\/index.php\/wp-json\/wp\/v2\/media\/4840"}],"wp:attachment":[{"href":"https:\/\/rubi.com.py\/index.php\/wp-json\/wp\/v2\/media?parent=752"}],"wp:term":[{"taxonomy":"product_brand","embeddable":true,"href":"https:\/\/rubi.com.py\/index.php\/wp-json\/wp\/v2\/product_brand?post=752"},{"taxonomy":"product_cat","embeddable":true,"href":"https:\/\/rubi.com.py\/index.php\/wp-json\/wp\/v2\/product_cat?post=752"},{"taxonomy":"product_tag","embeddable":true,"href":"https:\/\/rubi.com.py\/index.php\/wp-json\/wp\/v2\/product_tag?post=752"}],"curies":[{"name":"wp","href":"https:\/\/api.w.org\/{rel}","templated":true}]}}