{"id":776,"date":"2025-10-06T19:52:16","date_gmt":"2025-10-06T17:52:16","guid":{"rendered":"https:\/\/rubi.com.py\/index.php\/producto\/horno-elec-empotrable-tokyo-isa-60l-inox-con-convector\/"},"modified":"2026-04-22T13:51:34","modified_gmt":"2026-04-22T11:51:34","slug":"horno-elec-empotrable-tokyo-isa-60l-inox-con-convector","status":"publish","type":"product","link":"https:\/\/rubi.com.py\/index.php\/producto\/horno-elec-empotrable-tokyo-isa-60l-inox-con-convector\/","title":{"rendered":"HORNO ELEC EMPOTRABLE TOKYO ISA 60L INOX CON CONVECTOR"},"content":{"rendered":"<p>* Frente de acero INOX y tapa de doble vidrio. * Temperatura hasta 240\u00baC. * 4 modos de cocci\u00f3n. * Capacidad 60 Litros. * Potencia 2300W. * Con convector. * Timer 90 min. MEDIDAS DEL PRODUCTO. * Ancho 60 cm. * Alto 60 cm. * Profundidad 57 cm. Im\u00e1genes meramente ilustrativas. Im\u00e1genes e informaci\u00f3n sujetas a cambios sin previo aviso. Detalles t\u00e9cnicos: \u2022 TENSION ELECTRICA: 220-240 VOLTIOS \u2022 FRECUENCIA ELECTRICA: 50 HERTZ \u2022 POTENCIA: 2300 Watts \u2022 ANCHO: 64 CM \u2022 ALTO: 65 CM \u2022 LARGO: 62 CM \u2022 PESO: 30500 GR<\/p>\n","protected":false},"excerpt":{"rendered":"<p>* Frente de acero INOX y tapa de doble vidrio. * Temperatura hasta 240\u00baC. * 4 modos de cocci\u00f3n. * Capacidad 60 Litros. * Potencia 2300W. * Con convector. * Timer 90 min. MEDIDAS DEL PRODUCTO. * Ancho 60 cm. * Alto 60 cm. * Profundidad 57 cm. Im\u00e1genes meramente ilustrativas. Im\u00e1genes e informaci\u00f3n sujetas a cambios sin previo aviso.<\/p>\n","protected":false},"featured_media":4855,"comment_status":"open","ping_status":"closed","template":"","meta":{"_et_pb_use_builder":"","_et_pb_old_content":"","_et_gb_content_width":""},"product_brand":[],"product_cat":[33],"product_tag":[],"class_list":{"0":"post-776","1":"product","2":"type-product","3":"status-publish","4":"has-post-thumbnail","6":"product_cat-cocina-y-comedor","8":"first","9":"instock","10":"shipping-taxable","11":"purchasable","12":"product-type-simple"},"_links":{"self":[{"href":"https:\/\/rubi.com.py\/index.php\/wp-json\/wp\/v2\/product\/776","targetHints":{"allow":["GET"]}}],"collection":[{"href":"https:\/\/rubi.com.py\/index.php\/wp-json\/wp\/v2\/product"}],"about":[{"href":"https:\/\/rubi.com.py\/index.php\/wp-json\/wp\/v2\/types\/product"}],"replies":[{"embeddable":true,"href":"https:\/\/rubi.com.py\/index.php\/wp-json\/wp\/v2\/comments?post=776"}],"wp:featuredmedia":[{"embeddable":true,"href":"https:\/\/rubi.com.py\/index.php\/wp-json\/wp\/v2\/media\/4855"}],"wp:attachment":[{"href":"https:\/\/rubi.com.py\/index.php\/wp-json\/wp\/v2\/media?parent=776"}],"wp:term":[{"taxonomy":"product_brand","embeddable":true,"href":"https:\/\/rubi.com.py\/index.php\/wp-json\/wp\/v2\/product_brand?post=776"},{"taxonomy":"product_cat","embeddable":true,"href":"https:\/\/rubi.com.py\/index.php\/wp-json\/wp\/v2\/product_cat?post=776"},{"taxonomy":"product_tag","embeddable":true,"href":"https:\/\/rubi.com.py\/index.php\/wp-json\/wp\/v2\/product_tag?post=776"}],"curies":[{"name":"wp","href":"https:\/\/api.w.org\/{rel}","templated":true}]}}