{"id":785,"date":"2025-10-06T19:59:42","date_gmt":"2025-10-06T17:59:42","guid":{"rendered":"https:\/\/rubi.com.py\/index.php\/producto\/hidrolavadora-michelin-mpx16e-1600w-125bar-manguera-5m-c-accesorios\/"},"modified":"2026-04-22T13:50:31","modified_gmt":"2026-04-22T11:50:31","slug":"hidrolavadora-michelin-mpx16e-1600w-125bar-manguera-5m-c-accesorios","status":"publish","type":"product","link":"https:\/\/rubi.com.py\/index.php\/producto\/hidrolavadora-michelin-mpx16e-1600w-125bar-manguera-5m-c-accesorios\/","title":{"rendered":"HIDROLAVADORA MICHELIN MPX16E 1600W \/125BAR \/MANGUERA 5M C\/ ACCESORIOS"},"content":{"rendered":"<p>* Temperatura de entrada de agua 50\u00b0C. * Flujo de salida 420 lts-h. * Potencia 1600 W. * Total stop System. * Presi\u00f3n 125 bar. ACCESORIOS * Pistola con conexi\u00f3n r\u00e1pida. * Tubo alargador. * Boquilla rotativa. * Boquilla ajustable. * Boquilla espumadora. * Manguera 5 metros. Im\u00e1genes meramente ilustrativas. Im\u00e1genes e informaci\u00f3n sujetas a cambios sin previo aviso. Detalles t\u00e9cnicos: \u2022 POTENCIA: 1600 Watts \u2022 TENSION ELECTRICA: 220 VOLTIOS \u2022 ANCHO: 27 CM \u2022 ALTO: 50 CM \u2022 LARGO: 30 CM \u2022 PESO: 7900 GR<\/p>\n","protected":false},"excerpt":{"rendered":"<p>* Temperatura de entrada de agua 50\u00b0C. * Flujo de salida 420 lts-h. * Potencia 1600 W. * Total stop System. * Presi\u00f3n 125 bar. ACCESORIOS * Pistola con conexi\u00f3n r\u00e1pida. * Tubo alargador. * Boquilla rotativa. * Boquilla ajustable. * Boquilla espumadora. * Manguera 5 metros. Im\u00e1genes meramente ilustrativas. Im\u00e1genes e informaci\u00f3n sujetas a cambios sin previo aviso.<\/p>\n","protected":false},"featured_media":4851,"comment_status":"open","ping_status":"closed","template":"","meta":{"_et_pb_use_builder":"","_et_pb_old_content":"","_et_gb_content_width":""},"product_brand":[],"product_cat":[38],"product_tag":[],"class_list":{"0":"post-785","1":"product","2":"type-product","3":"status-publish","4":"has-post-thumbnail","6":"product_cat-hogar-y-limpieza","8":"first","9":"instock","10":"shipping-taxable","11":"purchasable","12":"product-type-simple"},"_links":{"self":[{"href":"https:\/\/rubi.com.py\/index.php\/wp-json\/wp\/v2\/product\/785","targetHints":{"allow":["GET"]}}],"collection":[{"href":"https:\/\/rubi.com.py\/index.php\/wp-json\/wp\/v2\/product"}],"about":[{"href":"https:\/\/rubi.com.py\/index.php\/wp-json\/wp\/v2\/types\/product"}],"replies":[{"embeddable":true,"href":"https:\/\/rubi.com.py\/index.php\/wp-json\/wp\/v2\/comments?post=785"}],"wp:featuredmedia":[{"embeddable":true,"href":"https:\/\/rubi.com.py\/index.php\/wp-json\/wp\/v2\/media\/4851"}],"wp:attachment":[{"href":"https:\/\/rubi.com.py\/index.php\/wp-json\/wp\/v2\/media?parent=785"}],"wp:term":[{"taxonomy":"product_brand","embeddable":true,"href":"https:\/\/rubi.com.py\/index.php\/wp-json\/wp\/v2\/product_brand?post=785"},{"taxonomy":"product_cat","embeddable":true,"href":"https:\/\/rubi.com.py\/index.php\/wp-json\/wp\/v2\/product_cat?post=785"},{"taxonomy":"product_tag","embeddable":true,"href":"https:\/\/rubi.com.py\/index.php\/wp-json\/wp\/v2\/product_tag?post=785"}],"curies":[{"name":"wp","href":"https:\/\/api.w.org\/{rel}","templated":true}]}}