{"id":807,"date":"2025-10-06T20:08:11","date_gmt":"2025-10-06T18:08:11","guid":{"rendered":"https:\/\/rubi.com.py\/index.php\/producto\/heladera-whirlpool-side-by-side-wrs955fdwx-518l-inox-inverter-frio-seco\/"},"modified":"2026-04-22T13:54:53","modified_gmt":"2026-04-22T11:54:53","slug":"heladera-whirlpool-side-by-side-wrs955fdwx-518l-inox-inverter-frio-seco","status":"publish","type":"product","link":"https:\/\/rubi.com.py\/index.php\/producto\/heladera-whirlpool-side-by-side-wrs955fdwx-518l-inox-inverter-frio-seco\/","title":{"rendered":"HELADERA WHIRLPOOL SIDE BY SIDE WRS955FDWX 518L INOX INVERTER FRIO SECO"},"content":{"rendered":"<p>* Dispensador de agua C\u00f3modo dispensador de agua de dise\u00f1o sofisticado en el exterior de la heladera (2,5 litros). * Espacio Adapt Estantes y cajones removibles que facilitan la organizaci\u00f3n y limpieza de la heladera. * Multi-Flow Sistema de distribuci\u00f3n de aire que beneficia a la conservaci\u00f3n de los alimentos. * Display Touch con 4 modos ECO &#8211; SUPER FREEZING &#8211; SUPER COOLING &#8211; SMART. * Espacio Fresh Conserva la frescura original de las frutas y-o verduras. * Xpert Inverter Ahorro superior, mejor rendimiento y durabilidad. * Turbo Freezer Enfri\u00e1 m\u00e1s r\u00e1pido lo que necesites. * Twist Ice Advance Hielo r\u00e1pido y f\u00e1cil. * Indicaci\u00f3n de puerta abierta. * Iluminaci\u00f3n LED. Im\u00e1genes meramente ilustrativas. Im\u00e1genes e informaci\u00f3n sujetas a cambios sin previo aviso. Detalles t\u00e9cnicos: \u2022 ANCHO: 90 CM \u2022 ALTO: 177 CM \u2022 LARGO: 66 CM \u2022 PESO: 96000 GR<\/p>\n","protected":false},"excerpt":{"rendered":"<p>* Dispensador de agua C\u00f3modo dispensador de agua de dise\u00f1o sofisticado en el exterior de la heladera (2,5 litros). * Espacio Adapt Estantes y cajones removibles que facilitan la organizaci\u00f3n y limpieza de la heladera. * Multi-Flow Sistema de distribuci\u00f3n de aire que beneficia a la conservaci\u00f3n de los alimentos. * Display Touch con 4 modos ECO &#8211; SUPER FREEZING &#8211; SUPER COOLING &#8211; SMART. * Espacio Fresh Conserva la frescura original de las frutas y-o verduras. * Xpert Inverter Ahorro superior, mejor rendimiento y durabilidad. * Turbo Freezer Enfri\u00e1 m\u00e1s r\u00e1pido lo que necesites. * Twist Ice Advance Hielo r\u00e1pido y f\u00e1cil. * Indicaci\u00f3n de puerta abierta. * Iluminaci\u00f3n LED. Im\u00e1genes meramente ilustrativas. Im\u00e1genes e informaci\u00f3n sujetas a cambios sin previo aviso.<\/p>\n","protected":false},"featured_media":4862,"comment_status":"open","ping_status":"closed","template":"","meta":{"_et_pb_use_builder":"","_et_pb_old_content":"","_et_gb_content_width":""},"product_brand":[],"product_cat":[43],"product_tag":[],"class_list":{"0":"post-807","1":"product","2":"type-product","3":"status-publish","4":"has-post-thumbnail","6":"product_cat-refrigeracion","8":"first","9":"instock","10":"shipping-taxable","11":"purchasable","12":"product-type-simple"},"_links":{"self":[{"href":"https:\/\/rubi.com.py\/index.php\/wp-json\/wp\/v2\/product\/807","targetHints":{"allow":["GET"]}}],"collection":[{"href":"https:\/\/rubi.com.py\/index.php\/wp-json\/wp\/v2\/product"}],"about":[{"href":"https:\/\/rubi.com.py\/index.php\/wp-json\/wp\/v2\/types\/product"}],"replies":[{"embeddable":true,"href":"https:\/\/rubi.com.py\/index.php\/wp-json\/wp\/v2\/comments?post=807"}],"wp:featuredmedia":[{"embeddable":true,"href":"https:\/\/rubi.com.py\/index.php\/wp-json\/wp\/v2\/media\/4862"}],"wp:attachment":[{"href":"https:\/\/rubi.com.py\/index.php\/wp-json\/wp\/v2\/media?parent=807"}],"wp:term":[{"taxonomy":"product_brand","embeddable":true,"href":"https:\/\/rubi.com.py\/index.php\/wp-json\/wp\/v2\/product_brand?post=807"},{"taxonomy":"product_cat","embeddable":true,"href":"https:\/\/rubi.com.py\/index.php\/wp-json\/wp\/v2\/product_cat?post=807"},{"taxonomy":"product_tag","embeddable":true,"href":"https:\/\/rubi.com.py\/index.php\/wp-json\/wp\/v2\/product_tag?post=807"}],"curies":[{"name":"wp","href":"https:\/\/api.w.org\/{rel}","templated":true}]}}