{"id":834,"date":"2025-10-07T15:06:57","date_gmt":"2025-10-07T13:06:57","guid":{"rendered":"https:\/\/rubi.com.py\/index.php\/producto\/congelador-gafa-horizontal-eternity-l290b-1-tapa-285lts\/"},"modified":"2026-04-22T15:23:39","modified_gmt":"2026-04-22T13:23:39","slug":"congelador-gafa-horizontal-eternity-l290b-1-tapa-285lts","status":"publish","type":"product","link":"https:\/\/rubi.com.py\/index.php\/producto\/congelador-gafa-horizontal-eternity-l290b-1-tapa-285lts\/","title":{"rendered":"CONGELADOR GAFA HORIZONTAL ETERNITY L290B 1 TAPA 285LTS"},"content":{"rendered":"<p>* Cuatro funciones Freezer, turbo, conservador y enfriador. * Limpieza sencilla Gracias a su desagote frontal es posible vaciarlo en cuesti\u00f3n de minutos. * Canastas removibles de pl\u00e1stico. * Clasificaci\u00f3n Energ\u00e9tica A. * Rango de temperatura -18\u00baC a -23\u00baC. * Temperatura del modo enfriador 1\u00baC a 5\u00baC. * Niveles de climatizaci\u00f3n T (Tropical). * Capacidad neta 277 lts. MEDIDAS DEL PRODUCTO. * Ancho. 109,9 cm. * Alto. 89,8 cm. * Profundidad 66,4 cm. IMAGEN ILUSTRATIVA. Detalles t\u00e9cnicos: \u2022 CAPACIDAD: 277 Litros \u2022 TENSION ELECTRICA: 220-240 VOLTIOS \u2022 FRECUENCIA ELECTRICA: 50 HERTZ \u2022 ANCHO: 69 CM \u2022 ALTO: 92 CM \u2022 LARGO: 112 CM \u2022 PESO: 45900 GR<\/p>\n","protected":false},"excerpt":{"rendered":"<p>* Cuatro funciones Freezer, turbo, conservador y enfriador. * Limpieza sencilla Gracias a su desagote frontal es posible vaciarlo en cuesti\u00f3n de minutos. * Canastas removibles de pl\u00e1stico. * Clasificaci\u00f3n Energ\u00e9tica A. * Rango de temperatura -18\u00baC a -23\u00baC. * Temperatura del modo enfriador 1\u00baC a 5\u00baC. * Niveles de climatizaci\u00f3n T (Tropical). * Capacidad neta 277 lts. MEDIDAS DEL PRODUCTO. * Ancho. 109,9 cm. * Alto. 89,8 cm. * Profundidad 66,4 cm. IMAGEN ILUSTRATIVA.<\/p>\n","protected":false},"featured_media":4982,"comment_status":"open","ping_status":"closed","template":"","meta":{"_et_pb_use_builder":"","_et_pb_old_content":"","_et_gb_content_width":""},"product_brand":[],"product_cat":[43],"product_tag":[],"class_list":{"0":"post-834","1":"product","2":"type-product","3":"status-publish","4":"has-post-thumbnail","6":"product_cat-refrigeracion","8":"first","9":"instock","10":"shipping-taxable","11":"purchasable","12":"product-type-simple"},"_links":{"self":[{"href":"https:\/\/rubi.com.py\/index.php\/wp-json\/wp\/v2\/product\/834","targetHints":{"allow":["GET"]}}],"collection":[{"href":"https:\/\/rubi.com.py\/index.php\/wp-json\/wp\/v2\/product"}],"about":[{"href":"https:\/\/rubi.com.py\/index.php\/wp-json\/wp\/v2\/types\/product"}],"replies":[{"embeddable":true,"href":"https:\/\/rubi.com.py\/index.php\/wp-json\/wp\/v2\/comments?post=834"}],"wp:featuredmedia":[{"embeddable":true,"href":"https:\/\/rubi.com.py\/index.php\/wp-json\/wp\/v2\/media\/4982"}],"wp:attachment":[{"href":"https:\/\/rubi.com.py\/index.php\/wp-json\/wp\/v2\/media?parent=834"}],"wp:term":[{"taxonomy":"product_brand","embeddable":true,"href":"https:\/\/rubi.com.py\/index.php\/wp-json\/wp\/v2\/product_brand?post=834"},{"taxonomy":"product_cat","embeddable":true,"href":"https:\/\/rubi.com.py\/index.php\/wp-json\/wp\/v2\/product_cat?post=834"},{"taxonomy":"product_tag","embeddable":true,"href":"https:\/\/rubi.com.py\/index.php\/wp-json\/wp\/v2\/product_tag?post=834"}],"curies":[{"name":"wp","href":"https:\/\/api.w.org\/{rel}","templated":true}]}}