{"id":867,"date":"2025-10-07T15:17:57","date_gmt":"2025-10-07T13:17:57","guid":{"rendered":"https:\/\/rubi.com.py\/index.php\/producto\/fumigador-pulverizador-mochila-trapp-mod-sx-lk16-16-lts\/"},"modified":"2026-04-22T14:27:26","modified_gmt":"2026-04-22T12:27:26","slug":"fumigador-pulverizador-mochila-trapp-mod-sx-lk16-16-lts","status":"publish","type":"product","link":"https:\/\/rubi.com.py\/index.php\/producto\/fumigador-pulverizador-mochila-trapp-mod-sx-lk16-16-lts\/","title":{"rendered":"FUMIGADOR PULVERIZADOR MOCHILA TRAPP MOD. SX-LK16 16 LTS"},"content":{"rendered":"<p>* Ideal para pulverizar agua, fertilizantes, herbicidas pesticidas. * Gran capacidad y resistencia a la presi\u00f3n. * Reversible para diestros y zurdos. * Tapa con sistema anti-goteo. * Sujetador tipo mochila. * 4 tipos de picos. Im\u00e1genes meramente ilustrativas. Im\u00e1genes e informaci\u00f3n sujetas a cambios sin previo aviso. Detalles t\u00e9cnicos: \u2022 ANCHO: 18,5 CM \u2022 ALTO: 59 CM \u2022 LARGO: 45 CM \u2022 PESO: 3840 GR<\/p>\n","protected":false},"excerpt":{"rendered":"<p>* Ideal para pulverizar agua, fertilizantes, herbicidas pesticidas. * Gran capacidad y resistencia a la presi\u00f3n. * Reversible para diestros y zurdos. * Tapa con sistema anti-goteo. * Sujetador tipo mochila. * 4 tipos de picos. Im\u00e1genes meramente ilustrativas. Im\u00e1genes e informaci\u00f3n sujetas a cambios sin previo aviso.<\/p>\n","protected":false},"featured_media":4897,"comment_status":"open","ping_status":"closed","template":"","meta":{"_et_pb_use_builder":"","_et_pb_old_content":"","_et_gb_content_width":""},"product_brand":[],"product_cat":[38],"product_tag":[],"class_list":{"0":"post-867","1":"product","2":"type-product","3":"status-publish","4":"has-post-thumbnail","6":"product_cat-hogar-y-limpieza","8":"first","9":"instock","10":"shipping-taxable","11":"purchasable","12":"product-type-simple"},"_links":{"self":[{"href":"https:\/\/rubi.com.py\/index.php\/wp-json\/wp\/v2\/product\/867","targetHints":{"allow":["GET"]}}],"collection":[{"href":"https:\/\/rubi.com.py\/index.php\/wp-json\/wp\/v2\/product"}],"about":[{"href":"https:\/\/rubi.com.py\/index.php\/wp-json\/wp\/v2\/types\/product"}],"replies":[{"embeddable":true,"href":"https:\/\/rubi.com.py\/index.php\/wp-json\/wp\/v2\/comments?post=867"}],"wp:featuredmedia":[{"embeddable":true,"href":"https:\/\/rubi.com.py\/index.php\/wp-json\/wp\/v2\/media\/4897"}],"wp:attachment":[{"href":"https:\/\/rubi.com.py\/index.php\/wp-json\/wp\/v2\/media?parent=867"}],"wp:term":[{"taxonomy":"product_brand","embeddable":true,"href":"https:\/\/rubi.com.py\/index.php\/wp-json\/wp\/v2\/product_brand?post=867"},{"taxonomy":"product_cat","embeddable":true,"href":"https:\/\/rubi.com.py\/index.php\/wp-json\/wp\/v2\/product_cat?post=867"},{"taxonomy":"product_tag","embeddable":true,"href":"https:\/\/rubi.com.py\/index.php\/wp-json\/wp\/v2\/product_tag?post=867"}],"curies":[{"name":"wp","href":"https:\/\/api.w.org\/{rel}","templated":true}]}}