{"id":883,"date":"2025-10-07T15:20:54","date_gmt":"2025-10-07T13:20:54","guid":{"rendered":"https:\/\/rubi.com.py\/index.php\/producto\/freidora-easy-fry-grill-dig-inox-ez505-moulinex-4-2l-1550w-220v-50hz\/"},"modified":"2026-04-22T14:34:13","modified_gmt":"2026-04-22T12:34:13","slug":"freidora-easy-fry-grill-dig-inox-ez505-moulinex-4-2l-1550w-220v-50hz","status":"publish","type":"product","link":"https:\/\/rubi.com.py\/index.php\/producto\/freidora-easy-fry-grill-dig-inox-ez505-moulinex-4-2l-1550w-220v-50hz\/","title":{"rendered":"FREIDORA EASY FRY &amp; GRILL DIG. INOX EZ505 MOULINEX 4.2L 1550W 220V\/50HZ"},"content":{"rendered":"<p>* Cocci\u00f3n 2 en 1 Air Fry y Grill. * Temporizador de 60 minutos. * Control digital con pantalla. * Temperatura hasta 200 \u00baC. * Capacidad 4,2 litros. * Potencia 1550W. Im\u00e1genes meramente ilustrativas. Im\u00e1genes e informaci\u00f3n sujetas a cambios sin previo aviso. Detalles t\u00e9cnicos: \u2022 POTENCIA: 1550 Watts \u2022 TENSION ELECTRICA: 220-240 VOLTIOS \u2022 FRECUENCIA ELECTRICA: 50\/60 HERTZ \u2022 COLOR: INOX COLOR \u2022 ANCHO: 39,8 CM \u2022 ALTO: 31,4 CM \u2022 LARGO: 37 CM \u2022 PESO: 5700 GR<\/p>\n","protected":false},"excerpt":{"rendered":"<p>* Cocci\u00f3n 2 en 1 Air Fry y Grill. * Temporizador de 60 minutos. * Control digital con pantalla. * Temperatura hasta 200 \u00baC. * Capacidad 4,2 litros. * Potencia 1550W. Im\u00e1genes meramente ilustrativas. Im\u00e1genes e informaci\u00f3n sujetas a cambios sin previo aviso.<\/p>\n","protected":false},"featured_media":4910,"comment_status":"open","ping_status":"closed","template":"","meta":{"_et_pb_use_builder":"","_et_pb_old_content":"","_et_gb_content_width":""},"product_brand":[],"product_cat":[33],"product_tag":[],"class_list":{"0":"post-883","1":"product","2":"type-product","3":"status-publish","4":"has-post-thumbnail","6":"product_cat-cocina-y-comedor","8":"first","9":"instock","10":"shipping-taxable","11":"purchasable","12":"product-type-simple"},"_links":{"self":[{"href":"https:\/\/rubi.com.py\/index.php\/wp-json\/wp\/v2\/product\/883","targetHints":{"allow":["GET"]}}],"collection":[{"href":"https:\/\/rubi.com.py\/index.php\/wp-json\/wp\/v2\/product"}],"about":[{"href":"https:\/\/rubi.com.py\/index.php\/wp-json\/wp\/v2\/types\/product"}],"replies":[{"embeddable":true,"href":"https:\/\/rubi.com.py\/index.php\/wp-json\/wp\/v2\/comments?post=883"}],"wp:featuredmedia":[{"embeddable":true,"href":"https:\/\/rubi.com.py\/index.php\/wp-json\/wp\/v2\/media\/4910"}],"wp:attachment":[{"href":"https:\/\/rubi.com.py\/index.php\/wp-json\/wp\/v2\/media?parent=883"}],"wp:term":[{"taxonomy":"product_brand","embeddable":true,"href":"https:\/\/rubi.com.py\/index.php\/wp-json\/wp\/v2\/product_brand?post=883"},{"taxonomy":"product_cat","embeddable":true,"href":"https:\/\/rubi.com.py\/index.php\/wp-json\/wp\/v2\/product_cat?post=883"},{"taxonomy":"product_tag","embeddable":true,"href":"https:\/\/rubi.com.py\/index.php\/wp-json\/wp\/v2\/product_tag?post=883"}],"curies":[{"name":"wp","href":"https:\/\/api.w.org\/{rel}","templated":true}]}}