{"id":885,"date":"2025-10-07T15:21:16","date_gmt":"2025-10-07T13:21:16","guid":{"rendered":"https:\/\/rubi.com.py\/index.php\/producto\/freidora-arno-air-fry-ultra-ufrp-4-2l-220v-1490w\/"},"modified":"2026-04-22T14:33:52","modified_gmt":"2026-04-22T12:33:52","slug":"freidora-arno-air-fry-ultra-ufrp-4-2l-220v-1490w","status":"publish","type":"product","link":"https:\/\/rubi.com.py\/index.php\/producto\/freidora-arno-air-fry-ultra-ufrp-4-2l-220v-1490w\/","title":{"rendered":"FREIDORA ARNO AIR FRY ULTRA UFRP 4.2L 220V 1490W"},"content":{"rendered":"<p>* Circulaci\u00f3n uniforme del aire caliente para mejores resultados. * Temperatura regulable hasta 200\u00b0. * Cesta removible y f\u00e1cil de limpiar. * 4.2 litros de capacidad. * Hasta para 6 personas. * Timer de 60 minutos. * Potencia 1490 W. * Sin aceite. Im\u00e1genes meramente ilustrativas. Im\u00e1genes e informaci\u00f3n sujetas a cambios sin previo aviso. Detalles t\u00e9cnicos: \u2022 POTENCIA: 1620 Watts \u2022 CAPACIDAD: 4.2 Litros \u2022 ANCHO: 34,5 CM \u2022 ALTO: 41,2 CM \u2022 LARGO: 34,5 CM \u2022 PESO: 5700 GR<\/p>\n","protected":false},"excerpt":{"rendered":"<p>* Circulaci\u00f3n uniforme del aire caliente para mejores resultados. * Temperatura regulable hasta 200\u00b0. * Cesta removible y f\u00e1cil de limpiar. * 4.2 litros de capacidad. * Hasta para 6 personas. * Timer de 60 minutos. * Potencia 1490 W. * Sin aceite. Im\u00e1genes meramente ilustrativas. Im\u00e1genes e informaci\u00f3n sujetas a cambios sin previo aviso.<\/p>\n","protected":false},"featured_media":4909,"comment_status":"open","ping_status":"closed","template":"","meta":{"_et_pb_use_builder":"","_et_pb_old_content":"","_et_gb_content_width":""},"product_brand":[],"product_cat":[33],"product_tag":[],"class_list":{"0":"post-885","1":"product","2":"type-product","3":"status-publish","4":"has-post-thumbnail","6":"product_cat-cocina-y-comedor","8":"first","9":"instock","10":"shipping-taxable","11":"purchasable","12":"product-type-simple"},"_links":{"self":[{"href":"https:\/\/rubi.com.py\/index.php\/wp-json\/wp\/v2\/product\/885","targetHints":{"allow":["GET"]}}],"collection":[{"href":"https:\/\/rubi.com.py\/index.php\/wp-json\/wp\/v2\/product"}],"about":[{"href":"https:\/\/rubi.com.py\/index.php\/wp-json\/wp\/v2\/types\/product"}],"replies":[{"embeddable":true,"href":"https:\/\/rubi.com.py\/index.php\/wp-json\/wp\/v2\/comments?post=885"}],"wp:featuredmedia":[{"embeddable":true,"href":"https:\/\/rubi.com.py\/index.php\/wp-json\/wp\/v2\/media\/4909"}],"wp:attachment":[{"href":"https:\/\/rubi.com.py\/index.php\/wp-json\/wp\/v2\/media?parent=885"}],"wp:term":[{"taxonomy":"product_brand","embeddable":true,"href":"https:\/\/rubi.com.py\/index.php\/wp-json\/wp\/v2\/product_brand?post=885"},{"taxonomy":"product_cat","embeddable":true,"href":"https:\/\/rubi.com.py\/index.php\/wp-json\/wp\/v2\/product_cat?post=885"},{"taxonomy":"product_tag","embeddable":true,"href":"https:\/\/rubi.com.py\/index.php\/wp-json\/wp\/v2\/product_tag?post=885"}],"curies":[{"name":"wp","href":"https:\/\/api.w.org\/{rel}","templated":true}]}}