{"id":915,"date":"2025-10-07T15:31:01","date_gmt":"2025-10-07T13:31:01","guid":{"rendered":"https:\/\/rubi.com.py\/index.php\/producto\/expositor-vertical-tokyo-frio-seco-md-cgtokvs540fs-1p-540l-com-495l-neto\/"},"modified":"2026-04-22T14:37:19","modified_gmt":"2026-04-22T12:37:19","slug":"expositor-vertical-tokyo-frio-seco-md-cgtokvs540fs-1p-540l-com-495l-neto","status":"publish","type":"product","link":"https:\/\/rubi.com.py\/index.php\/producto\/expositor-vertical-tokyo-frio-seco-md-cgtokvs540fs-1p-540l-com-495l-neto\/","title":{"rendered":"EXPOSITOR VERTICAL TOKYO-FRIO SECO MD CGTOKVS540FS 1P 540L COM\/495L NETO"},"content":{"rendered":"<p>* Clasificaci\u00f3n clim\u00e1tica Tropicalizado (T). * Con vidrio templado de seguridad. * Capacidad Comercial 540 litros. * Iluminaci\u00f3n interna tipo LED. * Capacidad neta 495 litros. * 6 niveles De temperaturas. * Con bandejas regulables. * Rango 2\u00ba hasta 8\u00ba. * Llave y cerradura. * Gas Eco R134a. * Con ruedas. * Fr\u00edo seco. MEDIDAS DEL PRODUCTO * Ancho 70 cm. * Altura 208 cm. * Profundidad 69 cm. Im\u00e1genes meramente ilustrativas. Im\u00e1genes e informaci\u00f3n sujetas a cambios sin previo aviso. Detalles t\u00e9cnicos: \u2022 ANCHO: 74,5 CM \u2022 ALTO: 2,65 CM \u2022 LARGO: 73,5 CM \u2022 PESO: 89000 GR<\/p>\n","protected":false},"excerpt":{"rendered":"<p>* Clasificaci\u00f3n clim\u00e1tica Tropicalizado (T). * Con vidrio templado de seguridad. * Capacidad Comercial 540 litros. * Iluminaci\u00f3n interna tipo LED. * Capacidad neta 495 litros. * 6 niveles De temperaturas. * Con bandejas regulables. * Rango 2\u00ba hasta 8\u00ba. * Llave y cerradura. * Gas Eco R134a. * Con ruedas. * Fr\u00edo seco. MEDIDAS DEL PRODUCTO * Ancho 70 cm. * Altura 208 cm. * Profundidad 69 cm. Im\u00e1genes meramente ilustrativas. Im\u00e1genes e informaci\u00f3n sujetas a cambios sin previo aviso.<\/p>\n","protected":false},"featured_media":4914,"comment_status":"open","ping_status":"closed","template":"","meta":{"_et_pb_use_builder":"","_et_pb_old_content":"","_et_gb_content_width":""},"product_brand":[],"product_cat":[43],"product_tag":[],"class_list":{"0":"post-915","1":"product","2":"type-product","3":"status-publish","4":"has-post-thumbnail","6":"product_cat-refrigeracion","8":"first","9":"instock","10":"shipping-taxable","11":"purchasable","12":"product-type-simple"},"_links":{"self":[{"href":"https:\/\/rubi.com.py\/index.php\/wp-json\/wp\/v2\/product\/915","targetHints":{"allow":["GET"]}}],"collection":[{"href":"https:\/\/rubi.com.py\/index.php\/wp-json\/wp\/v2\/product"}],"about":[{"href":"https:\/\/rubi.com.py\/index.php\/wp-json\/wp\/v2\/types\/product"}],"replies":[{"embeddable":true,"href":"https:\/\/rubi.com.py\/index.php\/wp-json\/wp\/v2\/comments?post=915"}],"wp:featuredmedia":[{"embeddable":true,"href":"https:\/\/rubi.com.py\/index.php\/wp-json\/wp\/v2\/media\/4914"}],"wp:attachment":[{"href":"https:\/\/rubi.com.py\/index.php\/wp-json\/wp\/v2\/media?parent=915"}],"wp:term":[{"taxonomy":"product_brand","embeddable":true,"href":"https:\/\/rubi.com.py\/index.php\/wp-json\/wp\/v2\/product_brand?post=915"},{"taxonomy":"product_cat","embeddable":true,"href":"https:\/\/rubi.com.py\/index.php\/wp-json\/wp\/v2\/product_cat?post=915"},{"taxonomy":"product_tag","embeddable":true,"href":"https:\/\/rubi.com.py\/index.php\/wp-json\/wp\/v2\/product_tag?post=915"}],"curies":[{"name":"wp","href":"https:\/\/api.w.org\/{rel}","templated":true}]}}