{"id":928,"date":"2025-10-07T15:35:55","date_gmt":"2025-10-07T13:35:55","guid":{"rendered":"https:\/\/rubi.com.py\/index.php\/producto\/expositor-vert-tokyo-frio-seco-mod-cgtokicvs400fs-1pta-400l-com-335l-neto\/"},"modified":"2026-04-22T14:43:01","modified_gmt":"2026-04-22T12:43:01","slug":"expositor-vert-tokyo-frio-seco-mod-cgtokicvs400fs-1pta-400l-com-335l-neto","status":"publish","type":"product","link":"https:\/\/rubi.com.py\/index.php\/producto\/expositor-vert-tokyo-frio-seco-mod-cgtokicvs400fs-1pta-400l-com-335l-neto\/","title":{"rendered":"EXPOSITOR VERT.TOKYO FRIO SECO MOD CGTOKICVS400FS 1PTA 400L COM\/335L NETO"},"content":{"rendered":"<p>* 6 niveles de temperaturas Gas Eco. * Con vidrio templado de seguridad. * Fr\u00edo seco TROPICALIZADO. * Con bandejas regulables. * Capacidad 335 Litros. * Rango 2\u00ba hasta 8\u00ba. * Llave y cerradura. * Gas Eco R134a. * Con ruedas. MEDIDAS DEL PRODUCTO. * Ancho 61 cm. * Altura 198 cm. * Profundidad 61 cm. Im\u00e1genes meramente ilustrativas. Im\u00e1genes e informaci\u00f3n sujetas a cambios sin previo aviso. Detalles t\u00e9cnicos: \u2022 ANCHO: 65 CM \u2022 ALTO: 1,95 CM \u2022 LARGO: 65,5 CM \u2022 PESO: 72000 GR<\/p>\n","protected":false},"excerpt":{"rendered":"<p>* 6 niveles de temperaturas Gas Eco. * Con vidrio templado de seguridad. * Fr\u00edo seco TROPICALIZADO. * Con bandejas regulables. * Capacidad 335 Litros. * Rango 2\u00ba hasta 8\u00ba. * Llave y cerradura. * Gas Eco R134a. * Con ruedas. MEDIDAS DEL PRODUCTO. * Ancho 61 cm. * Altura 198 cm. * Profundidad 61 cm. Im\u00e1genes meramente ilustrativas. Im\u00e1genes e informaci\u00f3n sujetas a cambios sin previo aviso.<\/p>\n","protected":false},"featured_media":4932,"comment_status":"open","ping_status":"closed","template":"","meta":{"_et_pb_use_builder":"","_et_pb_old_content":"","_et_gb_content_width":""},"product_brand":[],"product_cat":[43],"product_tag":[],"class_list":{"0":"post-928","1":"product","2":"type-product","3":"status-publish","4":"has-post-thumbnail","6":"product_cat-refrigeracion","8":"first","9":"instock","10":"shipping-taxable","11":"purchasable","12":"product-type-simple"},"_links":{"self":[{"href":"https:\/\/rubi.com.py\/index.php\/wp-json\/wp\/v2\/product\/928","targetHints":{"allow":["GET"]}}],"collection":[{"href":"https:\/\/rubi.com.py\/index.php\/wp-json\/wp\/v2\/product"}],"about":[{"href":"https:\/\/rubi.com.py\/index.php\/wp-json\/wp\/v2\/types\/product"}],"replies":[{"embeddable":true,"href":"https:\/\/rubi.com.py\/index.php\/wp-json\/wp\/v2\/comments?post=928"}],"wp:featuredmedia":[{"embeddable":true,"href":"https:\/\/rubi.com.py\/index.php\/wp-json\/wp\/v2\/media\/4932"}],"wp:attachment":[{"href":"https:\/\/rubi.com.py\/index.php\/wp-json\/wp\/v2\/media?parent=928"}],"wp:term":[{"taxonomy":"product_brand","embeddable":true,"href":"https:\/\/rubi.com.py\/index.php\/wp-json\/wp\/v2\/product_brand?post=928"},{"taxonomy":"product_cat","embeddable":true,"href":"https:\/\/rubi.com.py\/index.php\/wp-json\/wp\/v2\/product_cat?post=928"},{"taxonomy":"product_tag","embeddable":true,"href":"https:\/\/rubi.com.py\/index.php\/wp-json\/wp\/v2\/product_tag?post=928"}],"curies":[{"name":"wp","href":"https:\/\/api.w.org\/{rel}","templated":true}]}}