{"id":944,"date":"2025-10-07T15:39:44","date_gmt":"2025-10-07T13:39:44","guid":{"rendered":"https:\/\/rubi.com.py\/index.php\/producto\/eliptico-residencial-con-asiento-evolution-fitness-mod-el651-4mancuernas-twister\/"},"modified":"2026-04-22T14:58:08","modified_gmt":"2026-04-22T12:58:08","slug":"eliptico-residencial-con-asiento-evolution-fitness-mod-el651-4mancuernas-twister","status":"publish","type":"product","link":"https:\/\/rubi.com.py\/index.php\/producto\/eliptico-residencial-con-asiento-evolution-fitness-mod-el651-4mancuernas-twister\/","title":{"rendered":"ELIPTICO RESIDENCIAL CON ASIENTO EVOLUTION FITNESS MOD EL651 4MANCUERNAS TWISTER"},"content":{"rendered":"<p>* Panel digital que indica velocidad, tiempo, distancia, calor\u00edas, frecuencia cardiaca, od\u00f3metro. * Peso m\u00e1ximo del usuario 130 kg. * Incluye mancuernas de 2 y 3 kg. * Hand grip integrado al manubrio. * Manubrio y asiento regulable. * Niveles de intensidad sin fin. * Peso del producto 36 kg. * Uso residencial. MEDIDAS DEL PRODUCTO * Alto 80 cm. * Ancho 55 cm. * Profundidad 114 cm. Im\u00e1genes meramente ilustrativas. Im\u00e1genes e informaci\u00f3n sujetas a cambios sin previo aviso. Detalles t\u00e9cnicos: \u2022 CAPACIDAD: 120 kilogramo \u2022 ANCHO: 22 CM \u2022 ALTO: 71 CM \u2022 LARGO: 98 CM \u2022 PESO: 35687 GR<\/p>\n","protected":false},"excerpt":{"rendered":"<p>* Panel digital que indica velocidad, tiempo, distancia, calor\u00edas, frecuencia cardiaca, od\u00f3metro. * Peso m\u00e1ximo del usuario 130 kg. * Incluye mancuernas de 2 y 3 kg. * Hand grip integrado al manubrio. * Manubrio y asiento regulable. * Niveles de intensidad sin fin. * Peso del producto 36 kg. * Uso residencial. MEDIDAS DEL PRODUCTO * Alto 80 cm. * Ancho 55 cm. * Profundidad 114 cm. Im\u00e1genes meramente ilustrativas. Im\u00e1genes e informaci\u00f3n sujetas a cambios sin previo aviso.<\/p>\n","protected":false},"featured_media":4941,"comment_status":"open","ping_status":"closed","template":"","meta":{"_et_pb_use_builder":"","_et_pb_old_content":"","_et_gb_content_width":""},"product_brand":[],"product_cat":[35],"product_tag":[],"class_list":{"0":"post-944","1":"product","2":"type-product","3":"status-publish","4":"has-post-thumbnail","6":"product_cat-equipos-de-gimnasia","8":"first","9":"instock","10":"shipping-taxable","11":"purchasable","12":"product-type-simple"},"_links":{"self":[{"href":"https:\/\/rubi.com.py\/index.php\/wp-json\/wp\/v2\/product\/944","targetHints":{"allow":["GET"]}}],"collection":[{"href":"https:\/\/rubi.com.py\/index.php\/wp-json\/wp\/v2\/product"}],"about":[{"href":"https:\/\/rubi.com.py\/index.php\/wp-json\/wp\/v2\/types\/product"}],"replies":[{"embeddable":true,"href":"https:\/\/rubi.com.py\/index.php\/wp-json\/wp\/v2\/comments?post=944"}],"wp:featuredmedia":[{"embeddable":true,"href":"https:\/\/rubi.com.py\/index.php\/wp-json\/wp\/v2\/media\/4941"}],"wp:attachment":[{"href":"https:\/\/rubi.com.py\/index.php\/wp-json\/wp\/v2\/media?parent=944"}],"wp:term":[{"taxonomy":"product_brand","embeddable":true,"href":"https:\/\/rubi.com.py\/index.php\/wp-json\/wp\/v2\/product_brand?post=944"},{"taxonomy":"product_cat","embeddable":true,"href":"https:\/\/rubi.com.py\/index.php\/wp-json\/wp\/v2\/product_cat?post=944"},{"taxonomy":"product_tag","embeddable":true,"href":"https:\/\/rubi.com.py\/index.php\/wp-json\/wp\/v2\/product_tag?post=944"}],"curies":[{"name":"wp","href":"https:\/\/api.w.org\/{rel}","templated":true}]}}