{"id":967,"date":"2025-10-07T15:47:54","date_gmt":"2025-10-07T13:47:54","guid":{"rendered":"https:\/\/rubi.com.py\/index.php\/producto\/cortapelos-remington-mod-hc4050-22-piezas-cuchillas-acero-quirurgico\/"},"modified":"2026-04-22T15:06:02","modified_gmt":"2026-04-22T13:06:02","slug":"cortapelos-remington-mod-hc4050-22-piezas-cuchillas-acero-quirurgico","status":"publish","type":"product","link":"https:\/\/rubi.com.py\/index.php\/producto\/cortapelos-remington-mod-hc4050-22-piezas-cuchillas-acero-quirurgico\/","title":{"rendered":"CORTAPELOS REMINGTON MOD HC4050 22 PIEZAS CUCHILLAS ACERO QUIRURGICO"},"content":{"rendered":"<p>* Palanca de ajuste de Cuchillas De acero quir\u00fargico afiladas y de larga duraci\u00f3n. * Incluye KIT con nueve peines de distintas longitudes (de 3 a 25 mm). * Cuchillas de precisi\u00f3n De 0,5 mm para un acabado perfecto. * Cuchillas lubricadas De por vida, no requieren lubricaci\u00f3n. * Agarre anti deslizante Para m\u00e1s comodidad y control. * Set de 22 Piezas y accesorios. * Motor de corte lineal. * Cortador de Cabello. Im\u00e1genes meramente ilustrativas. Im\u00e1genes e informaci\u00f3n sujetas a cambios sin previo aviso. Detalles t\u00e9cnicos: \u2022 ANCHO: 19,2 CM \u2022 ALTO: 20,5 CM \u2022 LARGO: 8 CM \u2022 PESO: 351 GR<\/p>\n","protected":false},"excerpt":{"rendered":"<p>* Palanca de ajuste de Cuchillas De acero quir\u00fargico afiladas y de larga duraci\u00f3n. * Incluye KIT con nueve peines de distintas longitudes (de 3 a 25 mm). * Cuchillas de precisi\u00f3n De 0,5 mm para un acabado perfecto. * Cuchillas lubricadas De por vida, no requieren lubricaci\u00f3n. * Agarre anti deslizante Para m\u00e1s comodidad y control. * Set de 22 Piezas y accesorios. * Motor de corte lineal. * Cortador de Cabello. Im\u00e1genes meramente ilustrativas. Im\u00e1genes e informaci\u00f3n sujetas a cambios sin previo aviso.<\/p>\n","protected":false},"featured_media":4951,"comment_status":"open","ping_status":"closed","template":"","meta":{"_et_pb_use_builder":"","_et_pb_old_content":"","_et_gb_content_width":""},"product_brand":[],"product_cat":[45],"product_tag":[],"class_list":{"0":"post-967","1":"product","2":"type-product","3":"status-publish","4":"has-post-thumbnail","6":"product_cat-salud-y-belleza","8":"first","9":"instock","10":"shipping-taxable","11":"purchasable","12":"product-type-simple"},"_links":{"self":[{"href":"https:\/\/rubi.com.py\/index.php\/wp-json\/wp\/v2\/product\/967","targetHints":{"allow":["GET"]}}],"collection":[{"href":"https:\/\/rubi.com.py\/index.php\/wp-json\/wp\/v2\/product"}],"about":[{"href":"https:\/\/rubi.com.py\/index.php\/wp-json\/wp\/v2\/types\/product"}],"replies":[{"embeddable":true,"href":"https:\/\/rubi.com.py\/index.php\/wp-json\/wp\/v2\/comments?post=967"}],"wp:featuredmedia":[{"embeddable":true,"href":"https:\/\/rubi.com.py\/index.php\/wp-json\/wp\/v2\/media\/4951"}],"wp:attachment":[{"href":"https:\/\/rubi.com.py\/index.php\/wp-json\/wp\/v2\/media?parent=967"}],"wp:term":[{"taxonomy":"product_brand","embeddable":true,"href":"https:\/\/rubi.com.py\/index.php\/wp-json\/wp\/v2\/product_brand?post=967"},{"taxonomy":"product_cat","embeddable":true,"href":"https:\/\/rubi.com.py\/index.php\/wp-json\/wp\/v2\/product_cat?post=967"},{"taxonomy":"product_tag","embeddable":true,"href":"https:\/\/rubi.com.py\/index.php\/wp-json\/wp\/v2\/product_tag?post=967"}],"curies":[{"name":"wp","href":"https:\/\/api.w.org\/{rel}","templated":true}]}}