{"id":969,"date":"2025-10-07T15:48:22","date_gmt":"2025-10-07T13:48:22","guid":{"rendered":"https:\/\/rubi.com.py\/index.php\/producto\/cortapelo-remington-mod-hc5850-irrompible-220v-50hz\/"},"modified":"2026-04-22T15:05:43","modified_gmt":"2026-04-22T13:05:43","slug":"cortapelo-remington-mod-hc5850-irrompible-220v-50hz","status":"publish","type":"product","link":"https:\/\/rubi.com.py\/index.php\/producto\/cortapelo-remington-mod-hc5850-irrompible-220v-50hz\/","title":{"rendered":"CORTAPELO REMINGTON MOD HC5850 IRROMPIBLE 220V-50HZ"},"content":{"rendered":"<p>* Sistema de navaja de PowerCut. * Mango de goma antideslizante. * Nuevo motor s\u00faper magn\u00e9tico. * Caja para almacenar duradera. * Aceite lubricante de cuchillas. * Cepillo para limpiar el cuello. * Cortapelos Indestructible. * Cuchillas de precisi\u00f3n. * Capa de peluquer\u00eda. * 8 peines de corte. * Uso con cable. Im\u00e1genes meramente ilustrativas. Im\u00e1genes e informaci\u00f3n sujetas a cambios sin previo aviso. Detalles t\u00e9cnicos: \u2022 ANCHO: 28 CM \u2022 ALTO: 18 CM \u2022 LARGO: 36 CM \u2022 PESO: 1 GR<\/p>\n","protected":false},"excerpt":{"rendered":"<p>* Sistema de navaja de PowerCut. * Mango de goma antideslizante. * Nuevo motor s\u00faper magn\u00e9tico. * Caja para almacenar duradera. * Aceite lubricante de cuchillas. * Cepillo para limpiar el cuello. * Cortapelos Indestructible. * Cuchillas de precisi\u00f3n. * Capa de peluquer\u00eda. * 8 peines de corte. * Uso con cable. Im\u00e1genes meramente ilustrativas. Im\u00e1genes e informaci\u00f3n sujetas a cambios sin previo aviso.<\/p>\n","protected":false},"featured_media":4950,"comment_status":"open","ping_status":"closed","template":"","meta":{"_et_pb_use_builder":"","_et_pb_old_content":"","_et_gb_content_width":""},"product_brand":[],"product_cat":[45],"product_tag":[],"class_list":{"0":"post-969","1":"product","2":"type-product","3":"status-publish","4":"has-post-thumbnail","6":"product_cat-salud-y-belleza","8":"first","9":"instock","10":"shipping-taxable","11":"purchasable","12":"product-type-simple"},"_links":{"self":[{"href":"https:\/\/rubi.com.py\/index.php\/wp-json\/wp\/v2\/product\/969","targetHints":{"allow":["GET"]}}],"collection":[{"href":"https:\/\/rubi.com.py\/index.php\/wp-json\/wp\/v2\/product"}],"about":[{"href":"https:\/\/rubi.com.py\/index.php\/wp-json\/wp\/v2\/types\/product"}],"replies":[{"embeddable":true,"href":"https:\/\/rubi.com.py\/index.php\/wp-json\/wp\/v2\/comments?post=969"}],"wp:featuredmedia":[{"embeddable":true,"href":"https:\/\/rubi.com.py\/index.php\/wp-json\/wp\/v2\/media\/4950"}],"wp:attachment":[{"href":"https:\/\/rubi.com.py\/index.php\/wp-json\/wp\/v2\/media?parent=969"}],"wp:term":[{"taxonomy":"product_brand","embeddable":true,"href":"https:\/\/rubi.com.py\/index.php\/wp-json\/wp\/v2\/product_brand?post=969"},{"taxonomy":"product_cat","embeddable":true,"href":"https:\/\/rubi.com.py\/index.php\/wp-json\/wp\/v2\/product_cat?post=969"},{"taxonomy":"product_tag","embeddable":true,"href":"https:\/\/rubi.com.py\/index.php\/wp-json\/wp\/v2\/product_tag?post=969"}],"curies":[{"name":"wp","href":"https:\/\/api.w.org\/{rel}","templated":true}]}}