{"id":973,"date":"2025-10-07T16:31:53","date_gmt":"2025-10-07T14:31:53","guid":{"rendered":"https:\/\/rubi.com.py\/index.php\/producto\/cortacesped-trapp-wm350-electrico-1300w-c-recolector\/"},"modified":"2026-04-22T15:04:29","modified_gmt":"2026-04-22T13:04:29","slug":"cortacesped-trapp-wm350-electrico-1300w-c-recolector","status":"publish","type":"product","link":"https:\/\/rubi.com.py\/index.php\/producto\/cortacesped-trapp-wm350-electrico-1300w-c-recolector\/","title":{"rendered":"CORTACESPED TRAPP WM350 ELECTRICO 1300W C\/ RECOLECTOR"},"content":{"rendered":"<p>* Base de pl\u00e1sticos de ingenier\u00eda termopl\u00e1stica, de alta resistencia. * Establecer para la fijaci\u00f3n de la cuchilla de corte de alta resistencia, lo que el aislamiento completo. * Mango plegable, con revestimiento de PVC flexible, altamente aislante. * F\u00e1cil montaje y limpieza. * Recolector de plastico. * Con 10 metros de cable el\u00e9ctrico. * Cumple con la norma internacional de seguridad IEC 335.1. * Requiere el uso de ambas manos para manejar la cuchilla para evitar conexiones accidentales. * El doble aislamiento, con plena protecci\u00f3n contra descargas el\u00e9ctricas. * Base de termopl\u00e1sticoBloqueo de cable de extensi\u00f3n. * Polietileno de alta densidad de ruedas. * Tratamiento anticorrosivo en todas las partes sujetas a oxidaci\u00f3n. * 3 alturas de corte. Detalles t\u00e9cnicos: \u2022 ANCHO: 39 CM \u2022 ALTO: 36 CM \u2022 LARGO: 64 CM \u2022 PESO: 17860 GR<\/p>\n","protected":false},"excerpt":{"rendered":"<p>* Base de pl\u00e1sticos de ingenier\u00eda termopl\u00e1stica, de alta resistencia. * Establecer para la fijaci\u00f3n de la cuchilla de corte de alta resistencia, lo que el aislamiento completo. * Mango plegable, con revestimiento de PVC flexible, altamente aislante. * F\u00e1cil montaje y limpieza. * Recolector de plastico. * Con 10 metros de cable el\u00e9ctrico. * Cumple con la norma internacional de seguridad IEC 335.1. * Requiere el uso de ambas manos para manejar la cuchilla para evitar conexiones accidentales. * El doble aislamiento, con plena protecci\u00f3n contra descargas el\u00e9ctricas. * Base de termopl\u00e1sticoBloqueo de cable de extensi\u00f3n. * Polietileno de alta densidad de ruedas. * Tratamiento anticorrosivo en todas las partes sujetas a oxidaci\u00f3n. * 3 alturas de corte.<\/p>\n","protected":false},"featured_media":4949,"comment_status":"open","ping_status":"closed","template":"","meta":{"_et_pb_use_builder":"","_et_pb_old_content":"","_et_gb_content_width":""},"product_brand":[],"product_cat":[38],"product_tag":[],"class_list":{"0":"post-973","1":"product","2":"type-product","3":"status-publish","4":"has-post-thumbnail","6":"product_cat-hogar-y-limpieza","8":"first","9":"instock","10":"shipping-taxable","11":"purchasable","12":"product-type-simple"},"_links":{"self":[{"href":"https:\/\/rubi.com.py\/index.php\/wp-json\/wp\/v2\/product\/973","targetHints":{"allow":["GET"]}}],"collection":[{"href":"https:\/\/rubi.com.py\/index.php\/wp-json\/wp\/v2\/product"}],"about":[{"href":"https:\/\/rubi.com.py\/index.php\/wp-json\/wp\/v2\/types\/product"}],"replies":[{"embeddable":true,"href":"https:\/\/rubi.com.py\/index.php\/wp-json\/wp\/v2\/comments?post=973"}],"wp:featuredmedia":[{"embeddable":true,"href":"https:\/\/rubi.com.py\/index.php\/wp-json\/wp\/v2\/media\/4949"}],"wp:attachment":[{"href":"https:\/\/rubi.com.py\/index.php\/wp-json\/wp\/v2\/media?parent=973"}],"wp:term":[{"taxonomy":"product_brand","embeddable":true,"href":"https:\/\/rubi.com.py\/index.php\/wp-json\/wp\/v2\/product_brand?post=973"},{"taxonomy":"product_cat","embeddable":true,"href":"https:\/\/rubi.com.py\/index.php\/wp-json\/wp\/v2\/product_cat?post=973"},{"taxonomy":"product_tag","embeddable":true,"href":"https:\/\/rubi.com.py\/index.php\/wp-json\/wp\/v2\/product_tag?post=973"}],"curies":[{"name":"wp","href":"https:\/\/api.w.org\/{rel}","templated":true}]}}